{"id":69882,"date":"2026-04-03T08:14:07","date_gmt":"2026-04-03T06:14:07","guid":{"rendered":"https:\/\/nospr.org.pl\/sklep\/produkt\/spiety-wy-i-oni-koncert-specjalny-feat-fisz-kortez-blazej-krol\/"},"modified":"2026-04-04T22:44:06","modified_gmt":"2026-04-04T20:44:06","slug":"spiety-wy-i-oni-koncert-specjalny-feat-fisz-kortez-blazej-kr","status":"publish","type":"product","link":"https:\/\/nospr.org.pl\/sklep\/produkt\/spiety-wy-i-oni-koncert-specjalny-feat-fisz-kortez-blazej-kr\/","title":{"rendered":"SPI\u0118TY \/ WY I ONI \u2013 Koncert specjalny feat. FISZ, KORTEZ, B\u0141A\u017bEJ KR\u00d3L"},"content":{"rendered":"<p><strong><span><span><span><span><span><span><span><span><span><span><span><span><span><span><span><span><span>Sprzeda\u017c bilet&oacute;w rozpocznie si\u0119 w pi\u0105tek 3 kwietnia.<\/span><\/span><\/span><\/span><\/span><\/span><\/span><\/span><\/span><\/span><\/span><\/span><\/span><\/span><\/span><\/span><\/span><\/strong><\/p>\n<p><span><span><span><span><span><span><span><span><span><span><span><span><span><span><span><span><span>Po olbrzymim sukcesie koncert&oacute;w z cyklu SPI\u0118TY\/WY I ONI&nbsp;<\/span>w 2025 roku&nbsp;<span>wracamy do Was w nowej, od\u015bwie\u017conej formule.<\/span><\/span><\/span><\/span><\/span><\/span><\/span><\/span><\/span><\/span><\/span><\/span><\/span><\/span><\/span><\/span><\/span><\/p>\n<p><span><span><span><span><span><span><span><span><span><span><span><span><span><span><span><span><strong><span>Przed nami SPI\u0118TY\/WY I ONI &ndash; Koncert Inny, promuj\u0105cy najnowsz\u0105 p\u0142yt\u0119 zespo\u0142u:<\/span><\/strong><strong>&nbsp;<\/strong><em>Full H.D.<\/em><\/span><\/span><\/span><\/span><\/span><\/span><\/span><\/span><\/span><\/span><\/span><\/span><\/span><\/span><\/span><\/span><\/p>\n<p><span><span><span><span><span><span><span><span><span><span><span><span><span><span><span><span>Spi\u0119ty to gitarzysta, wokalista, autor tekst&oacute;w znany z dzia\u0142alno\u015bci solowej i wyst\u0119p&oacute;w z zespo\u0142em Lao Che. Jest autorem trzech solowych p\u0142yt nominowanych do Fryderyk&oacute;w. W 2025 r. w Katowicach zosta\u0142 uhonorowany tytu\u0142em Ambasadora Polszczyzny w pi\u015bmie przyznawan\u0105 przez Rad\u0119 J\u0119zyka Polskiego. Na najnowszej p\u0142ycie odnajdujemy \u015bwiat widziany oczami H.D., a \u015bmiech, ironia, pytania, obawy i l\u0119ki to jedynie cz\u0119\u015b\u0107 jego sk\u0142adowych. W Katowicach artysta zaprezentuje muzyk\u0119 inspirowan\u0105 ta\u0144cem &ndash; zar&oacute;wno w formie tradycyjnej (np. walc, bolero czy tango), jak i nowoczesnej (np. funk i disco).<\/span><\/span><\/span><\/span><\/span><\/span><\/span><\/span><\/span><\/span><\/span><\/span><\/span><\/span><\/span><\/span><\/p>\n<p><span><span><span><span><span><span><span><span><span><span><span><span><span><span><span><span>Zesp&oacute;\u0142 wyst\u0105pi w sk\u0142adzie:<\/span><\/span><\/span><\/span><\/span><\/span><\/span><\/span><\/span><\/span><\/span><\/span><\/span><\/span><\/span><\/span><\/p>\n<p><span><span><span><span><span><span><span><span><span><span><span><span><span><span><span><span>Spi\u0119ty (Hubert Dobaczewski) &ndash; wokal, gitara&nbsp;<\/span><\/span><\/span><\/span><\/span><\/span><\/span><\/span><\/span><\/span><\/span><\/span><\/span><\/span><\/span><\/span><br \/>\n<span><span><span><span><span><span><span><span><span><span><span><span><span><span><span><span>Bartek Kapsa &ndash; perkusja, sampler&nbsp;<\/span><\/span><\/span><\/span><\/span><\/span><\/span><\/span><\/span><\/span><\/span><\/span><\/span><\/span><\/span><\/span><br \/>\n<span><span><span><span><span><span><span><span><span><span><span><span><span><span><span><span>Emil Wojtczak &ndash; bas&nbsp;<\/span><\/span><\/span><\/span><\/span><\/span><\/span><\/span><\/span><\/span><\/span><\/span><\/span><\/span><\/span><\/span><br \/>\n<span><span><span><span><span><span><span><span><span><span><span><span><span><span><span><span>Patryk Kra\u015bniewski &ndash; klawisze<\/span><\/span><\/span><\/span><\/span><\/span><\/span><\/span><\/span><\/span><\/span><\/span><\/span><\/span><\/span><\/span><\/p>\n<p><span><span><span><span><span><span><span><span><span><span><span><span><span><span><span><span>W koncercie udzia\u0142 wezm\u0105 go\u015bcie specjalni:<\/span><\/span><\/span><\/span><\/span><\/span><\/span><\/span><\/span><\/span><\/span><\/span><\/span><\/span><\/span><\/span><\/p>\n<p><span><span><span><span><span><span><span><span><span><span><span><span><span><span><span><span>Fisz<\/span><\/span><\/span><\/span><\/span><\/span><\/span><\/span><\/span><\/span><\/span><\/span><\/span><\/span><\/span><\/span><br \/>\n<span><span><span><span><span><span><span><span><span><span><span><span><span><span><span><span>Kortez<\/span><\/span><\/span><\/span><\/span><\/span><\/span><\/span><\/span><\/span><\/span><\/span><\/span><\/span><\/span><\/span><br \/>\n<span><span><span><span><span><span><span><span><span><span><span><span><span><span><span><span>B\u0142a\u017cej Kr&oacute;l<\/span><\/span><\/span><\/span><\/span><\/span><\/span><\/span><\/span><\/span><\/span><\/span><\/span><\/span><\/span><\/span><br \/>\n<span><span><span><span><span><span><span><span><span><span><span><span><span><span><span><span>Karol Gola &ndash; instrumenty perkusyjne<\/span><\/span><\/span><\/span><\/span><\/span><\/span><\/span><\/span><\/span><\/span><\/span><\/span><\/span><\/span><\/span><br \/>\n<span><span><span><span><span><span><span><span><span><span><span><span><span><span><span><span>oraz Aga Bigaj i Aleksandra W\u0119glewicz (ch&oacute;rki)<\/span><\/span><\/span><\/span><\/span><\/span><\/span><\/span><\/span><\/span><\/span><\/span><\/span><\/span><\/span><\/span><\/p>\n<p><strong>Czas trwania koncertu<\/strong>: ok.&nbsp;120 minut<br \/>\nCzas trwania mo\u017ce ulec zmianie.&nbsp;<\/p>\n<p>Organizatorem wydarzenia jest&nbsp;<a href=\"https:\/\/artprojektagency.eu\">Agencja Artystyczna Art. Projekt<\/a>.<\/p>\n<p><strong>Wszystko, co musisz wiedzie\u0107 przed wizyt\u0105 w&nbsp;NOSPR&nbsp;&ndash;&nbsp;<\/strong><a href=\"https:\/\/nospr.org.pl\/pl\/aktualnosci\/wszystko-co-musisz-wiedziec-przed-wizyta-w-nospr\"><strong>wskaz&oacute;wki dla uczestnik&oacute;w wydarze\u0144.<\/strong><\/a><\/p>\n<p>Prosimy o&nbsp;zapoznanie&nbsp;si\u0119 z&nbsp;informacjami dotycz\u0105cymi parking&oacute;w w&nbsp;Strefie Kultury&nbsp;&ndash;<strong>&nbsp;<\/strong><a href=\"https:\/\/nospr.org.pl\/pl\/aktualnosci\/wazne-informacje-o-parkingach\"><strong>wa\u017cne informacje o&nbsp;parkingach<\/strong><\/a><strong>.<\/strong><\/p>\n","protected":false},"excerpt":{"rendered":"<p>Sprzeda\u017c bilet&oacute;w rozpocznie si\u0119 w pi\u0105tek 3 kwietnia. Po olbrzymim sukcesie koncert&oacute;w z cyklu SPI\u0118TY\/WY I ONI&nbsp;w 2025 roku&nbsp;wracamy do Was w nowej, od\u015bwie\u017conej formule. Przed nami SPI\u0118TY\/WY I ONI &ndash; Koncert Inny, promuj\u0105cy najnowsz\u0105 p\u0142yt\u0119 zespo\u0142u:&nbsp;Full H.D. Spi\u0119ty to gitarzysta, wokalista, autor tekst&oacute;w znany z dzia\u0142alno\u015bci solowej i wyst\u0119p&oacute;w z zespo\u0142em Lao Che. Jest [&hellip;]<\/p>\n","protected":false},"featured_media":0,"template":"","meta":{"_acf_changed":false,"inline_featured_image":false},"product_brand":[],"product_cat":[2266,2214],"product_tag":[],"class_list":{"0":"post-69882","1":"product","2":"type-product","3":"status-publish","5":"product_cat-cat_282","6":"product_cat-cat_259","8":"first","9":"instock","10":"virtual","11":"purchasable","12":"product-type-simple"},"acf":[],"_links":{"self":[{"href":"https:\/\/nospr.org.pl\/sklep\/wp-json\/wp\/v2\/product\/69882","targetHints":{"allow":["GET"]}}],"collection":[{"href":"https:\/\/nospr.org.pl\/sklep\/wp-json\/wp\/v2\/product"}],"about":[{"href":"https:\/\/nospr.org.pl\/sklep\/wp-json\/wp\/v2\/types\/product"}],"wp:attachment":[{"href":"https:\/\/nospr.org.pl\/sklep\/wp-json\/wp\/v2\/media?parent=69882"}],"wp:term":[{"taxonomy":"product_brand","embeddable":true,"href":"https:\/\/nospr.org.pl\/sklep\/wp-json\/wp\/v2\/product_brand?post=69882"},{"taxonomy":"product_cat","embeddable":true,"href":"https:\/\/nospr.org.pl\/sklep\/wp-json\/wp\/v2\/product_cat?post=69882"},{"taxonomy":"product_tag","embeddable":true,"href":"https:\/\/nospr.org.pl\/sklep\/wp-json\/wp\/v2\/product_tag?post=69882"}],"curies":[{"name":"wp","href":"https:\/\/api.w.org\/{rel}","templated":true}]}}