{"id":64433,"date":"2026-02-10T13:42:07","date_gmt":"2026-02-10T12:42:07","guid":{"rendered":"https:\/\/nospr.org.pl\/sklep\/produkt\/katowice-kultura-natura-2026-deutsche-radio-philharmonie-pon\/"},"modified":"2026-04-12T17:24:05","modified_gmt":"2026-04-12T15:24:05","slug":"katowice-kultura-natura-2026-deutsche-radio-philharmonie-pon","status":"publish","type":"product","link":"https:\/\/nospr.org.pl\/sklep\/produkt\/katowice-kultura-natura-2026-deutsche-radio-philharmonie-pon\/","title":{"rendered":"Festiwal Katowice Kultura Natura \/ Mi\u0119dzy elegi\u0105 a mistyczn\u0105 ekstaz\u0105 \/ Deutsche Radio Philharmonie \/ Pons \/ Steinbacher"},"content":{"rendered":"<p>&bdquo;Ko\u0142ysanka m\u0119\u017cczyzny przy trumnie jego matki&rdquo; &ndash; taki pos\u0119pny podtytu\u0142 nada\u0142 Ferruccio Busoni <em>Berceuse &eacute;l&eacute;giaque<\/em> (1909) b\u0119d\u0105cej orkiestrow\u0105 transkrypcj\u0105 si&oacute;dmej z cyklu wcze\u015bniejszych fortepianowych <em>Elegii<\/em>. Los uczyni\u0142 to dzie\u0142o pie\u015bni\u0105 \u017ca\u0142obn\u0105 nie tylko dla matki kompozytora, lecz tak\u017ce dla samego&hellip; Gustava Mahlera, kt&oacute;ry prawykona\u0142 utw&oacute;r podczas swego ostatniego w \u017cyciu koncertu. Podobnie elegi\u0105 jest r&oacute;wnie\u017c ostatnia kompozycja Albana Berga &ndash; dwucz\u0119\u015bciowy <em>Koncert skrzypcowy<\/em> (1935). Najbardziej &bdquo;romantyczny&rdquo; z tr&oacute;jki wiede\u0144skich dodekafonist&oacute;w pragn\u0105\u0142 po\u017cegna\u0107 si\u0119 tu ze zmar\u0142\u0105 na polio w wieku osiemnastu lat Manon Gropius, c&oacute;rk\u0105 Almy Mahler. Nie m&oacute;g\u0142 si\u0119 jednak spodziewa\u0107, \u017ce g\u0142osz\u0105c swoje &bdquo;dosy\u0107&rdquo; dla cierpie\u0144 dziewczyny za pomoc\u0105 cytatu chora\u0142u Bacha <em>Es ist genug<\/em>, prorokuje tak\u017ce samemu sobie.<\/p>\n<p>Pytany przez ciekawskich przyjaci&oacute;\u0142 o zawarto\u015b\u0107 \u015bwie\u017co skomponowanej <em>IV Symfonii e-moll<\/em> (1885) Johannes Brahms odpar\u0142 z w\u0142a\u015bciw\u0105 mu k\u0105\u015bliw\u0105 autoironi\u0105: &bdquo;Nic wielkiego! Po prostu zn&oacute;w zebra\u0142em kilka polek i walc&oacute;w&rdquo;. Tak naprawd\u0119 jednak z partytury tej emanowa\u0142a atmosfera ponurej nostalgii, o ca\u0142e \u015bwiaty dalekiej od optymistycznego triumfalizmu, znamiennego cho\u0107by dla fina\u0142u <em>I Symfonii<\/em>. Brahms dokonuje tu osobistego aktu zw\u0105tpienia, wypowiadaj\u0105c <em>adieu<\/em> dla &bdquo;z\u0142otego wieku muzyki&rdquo;, kt&oacute;ry ju\u017c nie wr&oacute;ci. Najwymowniejsz\u0105 tego manifestacj\u0105 s\u0105 fina\u0142owe wariacje na temat ch&oacute;ru z 150. kantaty Bacha &ndash; kunsztowna forma i ho\u0142d dla geniusza polifonii opieraj\u0105 si\u0119 na melodii wybrzmiewaj\u0105cej u lipskiego kantora s\u0142owami: &bdquo;Dniom sp\u0119dzanym tu w \u017ca\u0142o\u015bci&hellip;&rdquo;.<\/p>\n<p><strong>Bart\u0142omiej Barwinek<\/strong><\/p>\n<p><strong>Czas trwania koncertu (\u0142\u0105cznie z&nbsp;przerw\u0105)<\/strong>: ok. 100 minut<\/p>\n<\/p>\n<p>&nbsp;<\/p>\n<h3>M&oacute;j Karnet Festiwalowy &ndash; Festiwal Katowice Kultura Natura 2026<\/h3>\n<p>Karnet&nbsp;na minimum cztery koncerty zapewnia&nbsp;<strong>25% zni\u017cki<\/strong>&nbsp;od sumy cen bilet&oacute;w dla posiadaczy abonamentu NOSPR i <strong>20%<\/strong> dla os&oacute;b nieposiadaj\u0105cych abonamentu.<\/p>\n<p>Przy zakupie Karnetu na co najmniej sze\u015b\u0107 koncert&oacute;w zni\u017cka wynosi&nbsp;<strong>30%<\/strong> od sumy cen bilet&oacute;w dla posiadaczy abonamentu NOSPR i<strong> 25%<\/strong> dla os&oacute;b nieposiadaj\u0105cych abonamentu.<\/p>\n<p>Karnety dost\u0119pne s\u0105&nbsp;wy\u0142\u0105cznie w&nbsp;kasach NOSPR i&nbsp;poprzez rezerwacj\u0119 telefoniczn\u0105.<\/p>\n<\/p>\n<p><strong>Wszystko, co musisz wiedzie\u0107 przed wizyt\u0105 w&nbsp;NOSPR&nbsp;&ndash;&nbsp;<\/strong><a href=\"https:\/\/nospr.org.pl\/pl\/aktualnosci\/wszystko-co-musisz-wiedziec-przed-wizyta-w-nospr\"><strong>wskaz&oacute;wki dla uczestnik&oacute;w wydarze\u0144.<\/strong><\/a><\/p>\n<p>Prosimy o&nbsp;zapoznanie&nbsp;si\u0119 z&nbsp;informacjami dotycz\u0105cymi parking&oacute;w w&nbsp;Strefie Kultury&nbsp;&ndash;<strong>&nbsp;<\/strong><a href=\"https:\/\/nospr.org.pl\/pl\/aktualnosci\/wazne-informacje-o-parkingach\"><strong>wa\u017cne informacje o&nbsp;parkingach<\/strong><\/a><strong>.<\/strong><\/p>\n","protected":false},"excerpt":{"rendered":"<p>&bdquo;Ko\u0142ysanka m\u0119\u017cczyzny przy trumnie jego matki&rdquo; &ndash; taki pos\u0119pny podtytu\u0142 nada\u0142 Ferruccio Busoni Berceuse &eacute;l&eacute;giaque (1909) b\u0119d\u0105cej orkiestrow\u0105 transkrypcj\u0105 si&oacute;dmej z cyklu wcze\u015bniejszych fortepianowych Elegii. Los uczyni\u0142 to dzie\u0142o pie\u015bni\u0105 \u017ca\u0142obn\u0105 nie tylko dla matki kompozytora, lecz tak\u017ce dla samego&hellip; Gustava Mahlera, kt&oacute;ry prawykona\u0142 utw&oacute;r podczas swego ostatniego w \u017cyciu koncertu. Podobnie elegi\u0105 jest r&oacute;wnie\u017c [&hellip;]<\/p>\n","protected":false},"featured_media":0,"template":"","meta":{"_acf_changed":false,"inline_featured_image":false},"product_brand":[],"product_cat":[2264,2266],"product_tag":[],"class_list":{"0":"post-64433","1":"product","2":"type-product","3":"status-publish","5":"product_cat-cat_280","6":"product_cat-cat_282","8":"first","9":"instock","10":"virtual","11":"purchasable","12":"product-type-simple"},"acf":[],"_links":{"self":[{"href":"https:\/\/nospr.org.pl\/sklep\/wp-json\/wp\/v2\/product\/64433","targetHints":{"allow":["GET"]}}],"collection":[{"href":"https:\/\/nospr.org.pl\/sklep\/wp-json\/wp\/v2\/product"}],"about":[{"href":"https:\/\/nospr.org.pl\/sklep\/wp-json\/wp\/v2\/types\/product"}],"wp:attachment":[{"href":"https:\/\/nospr.org.pl\/sklep\/wp-json\/wp\/v2\/media?parent=64433"}],"wp:term":[{"taxonomy":"product_brand","embeddable":true,"href":"https:\/\/nospr.org.pl\/sklep\/wp-json\/wp\/v2\/product_brand?post=64433"},{"taxonomy":"product_cat","embeddable":true,"href":"https:\/\/nospr.org.pl\/sklep\/wp-json\/wp\/v2\/product_cat?post=64433"},{"taxonomy":"product_tag","embeddable":true,"href":"https:\/\/nospr.org.pl\/sklep\/wp-json\/wp\/v2\/product_tag?post=64433"}],"curies":[{"name":"wp","href":"https:\/\/api.w.org\/{rel}","templated":true}]}}