{"id":64432,"date":"2026-02-10T13:42:07","date_gmt":"2026-02-10T12:42:07","guid":{"rendered":"https:\/\/nospr.org.pl\/sklep\/produkt\/katowice-kultura-natura-2026-lavenexiana\/"},"modified":"2026-04-12T17:24:05","modified_gmt":"2026-04-12T15:24:05","slug":"katowice-kultura-natura-2026-lavenexiana","status":"publish","type":"product","link":"https:\/\/nospr.org.pl\/sklep\/produkt\/katowice-kultura-natura-2026-lavenexiana\/","title":{"rendered":"Festiwal Katowice Kultura Natura \/ Mi\u0142o\u015b\u0107 zwyci\u0119\u017cy wszystko \/ La Venexiana"},"content":{"rendered":"<\/p>\n<h2>Omnia vincit Amor<\/h2>\n<p>To b\u0119dzie podr&oacute;\u017c niemal przez ca\u0142\u0105 karier\u0119 muzyczn\u0105 Monteverdiego. Poczujemy klimat ostatnich miesi\u0119cy sp\u0119dzonych przez kompozytora w rodzinnej Cremonie, z kt&oacute;r\u0105 po\u017cegna\u0142 si\u0119 drug\u0105 ksi\u0119g\u0105 madryga\u0142&oacute;w, przewy\u017cszaj\u0105c\u0105 nawet p&oacute;\u017aniejsze zbiory intensywno\u015bci\u0105 d\u017awi\u0119kowych opis&oacute;w zapachu kwiat&oacute;w, rozpalonego upa\u0142em powietrza i ciep\u0142ych \u0142ez na policzkach kochank&oacute;w. Przeniesiemy si\u0119 na dw&oacute;r Gonzag&oacute;w w Mantui, gdzie powsta\u0142y kolejne ksi\u0119gi: trzecia, kt&oacute;ra wywo\u0142a\u0142a \u017cywio\u0142ow\u0105 reakcj\u0119 teoretyka Giovanniego Artusiego, z\u017cymaj\u0105cego si\u0119 na &bdquo;kapry\u015bnych ludzi, kt&oacute;rzy my\u015bl\u0105, \u017ce tworz\u0105 nowe harmonie&rdquo;; czwarta, w kt&oacute;rej monteverdia\u0144ski madryga\u0142 przeobrazi\u0142 si\u0119 ostatecznie w madryga\u0142 barokowy; oraz pi\u0105ta, gdzie ju\u017c nic nie wynika z przypadku. Zatrzymamy si\u0119 w mantua\u0144skiej kaplicy, \u017ceby pos\u0142ucha\u0107, jak tw&oacute;rca \u0142ama\u0142 konwencje i miesza\u0142 style w sp&oacute;jnych na przek&oacute;r wszystkiemu <em>Vespro della Beata Vergine<\/em>. Zako\u0144czymy w\u0119dr&oacute;wk\u0119 w Wenecji, rozbrzmiewaj\u0105cej dojrza\u0142ymi madryga\u0142ami z czterech pozosta\u0142ych ksi\u0105g, w tym &oacute;smej, opatrzonej wymownym podtytu\u0142em <em>Madrigali guerrieri, et amorosi<\/em> &ndash;<em> <\/em>ale te\u017c mniej ambitnymi, cho\u0107 wci\u0105\u017c pe\u0142nymi uroku ariami, <em>canzonette <\/em>i <em>scherzi. <\/em>Przekonamy si\u0119, \u017ce w muzyce Monteverdiego, bez wzgl\u0119du na miejsce i czas powstania, jest zar&oacute;wno pot\u0119ga wiary, jak i mi\u0142osna ekstaza, jest wojna i kochanie, jest przepych, jest troch\u0119 brudu i b\u0142\u0119kit w\u0142oskiego nieba. Zupe\u0142nie jak w jego \u017cyciu.&nbsp;&nbsp;<\/p>\n<p><strong>Dorota Kozi\u0144ska<\/strong>&nbsp;<\/p>\n<p><strong>Czas trwania koncertu<\/strong>: ok.&nbsp;70 minut<\/p>\n<h3>M&oacute;j Karnet Festiwalowy &ndash; Festiwal Katowice Kultura Natura 2026<\/h3>\n<p>Karnet&nbsp;na minimum cztery koncerty zapewnia&nbsp;<strong>25% zni\u017cki<\/strong>&nbsp;od sumy cen bilet&oacute;w dla posiadaczy abonamentu NOSPR i <strong>20%<\/strong> dla os&oacute;b nieposiadaj\u0105cych abonamentu.<\/p>\n<p>Przy zakupie Karnetu na co najmniej sze\u015b\u0107 koncert&oacute;w zni\u017cka wynosi&nbsp;<strong>30%<\/strong> od sumy cen bilet&oacute;w dla posiadaczy abonamentu NOSPR i<strong> 25%<\/strong> dla os&oacute;b nieposiadaj\u0105cych abonamentu.<\/p>\n<p>Karnety dost\u0119pne s\u0105&nbsp;wy\u0142\u0105cznie w&nbsp;kasach NOSPR i&nbsp;poprzez rezerwacj\u0119 telefoniczn\u0105.<\/p>\n<p><strong>Wszystko, co musisz wiedzie\u0107 przed wizyt\u0105 w&nbsp;NOSPR&nbsp;&ndash;&nbsp;<\/strong><a href=\"https:\/\/nospr.org.pl\/pl\/aktualnosci\/wszystko-co-musisz-wiedziec-przed-wizyta-w-nospr\"><strong>wskaz&oacute;wki dla uczestnik&oacute;w wydarze\u0144.<\/strong><\/a><\/p>\n<p>Prosimy o&nbsp;zapoznanie&nbsp;si\u0119 z&nbsp;informacjami dotycz\u0105cymi parking&oacute;w w&nbsp;Strefie Kultury&nbsp;&ndash;<strong>&nbsp;<\/strong><a href=\"https:\/\/nospr.org.pl\/pl\/aktualnosci\/wazne-informacje-o-parkingach\"><strong>wa\u017cne informacje o&nbsp;parkingach<\/strong><\/a><strong>.<\/strong><\/p>\n<p>&nbsp;<\/p>\n","protected":false},"excerpt":{"rendered":"<p>Omnia vincit Amor To b\u0119dzie podr&oacute;\u017c niemal przez ca\u0142\u0105 karier\u0119 muzyczn\u0105 Monteverdiego. Poczujemy klimat ostatnich miesi\u0119cy sp\u0119dzonych przez kompozytora w rodzinnej Cremonie, z kt&oacute;r\u0105 po\u017cegna\u0142 si\u0119 drug\u0105 ksi\u0119g\u0105 madryga\u0142&oacute;w, przewy\u017cszaj\u0105c\u0105 nawet p&oacute;\u017aniejsze zbiory intensywno\u015bci\u0105 d\u017awi\u0119kowych opis&oacute;w zapachu kwiat&oacute;w, rozpalonego upa\u0142em powietrza i ciep\u0142ych \u0142ez na policzkach kochank&oacute;w. Przeniesiemy si\u0119 na dw&oacute;r Gonzag&oacute;w w Mantui, gdzie [&hellip;]<\/p>\n","protected":false},"featured_media":0,"template":"","meta":{"_acf_changed":false,"inline_featured_image":false},"product_brand":[],"product_cat":[2264,2266],"product_tag":[],"class_list":{"0":"post-64432","1":"product","2":"type-product","3":"status-publish","5":"product_cat-cat_280","6":"product_cat-cat_282","8":"first","9":"instock","10":"virtual","11":"purchasable","12":"product-type-simple"},"acf":[],"_links":{"self":[{"href":"https:\/\/nospr.org.pl\/sklep\/wp-json\/wp\/v2\/product\/64432","targetHints":{"allow":["GET"]}}],"collection":[{"href":"https:\/\/nospr.org.pl\/sklep\/wp-json\/wp\/v2\/product"}],"about":[{"href":"https:\/\/nospr.org.pl\/sklep\/wp-json\/wp\/v2\/types\/product"}],"wp:attachment":[{"href":"https:\/\/nospr.org.pl\/sklep\/wp-json\/wp\/v2\/media?parent=64432"}],"wp:term":[{"taxonomy":"product_brand","embeddable":true,"href":"https:\/\/nospr.org.pl\/sklep\/wp-json\/wp\/v2\/product_brand?post=64432"},{"taxonomy":"product_cat","embeddable":true,"href":"https:\/\/nospr.org.pl\/sklep\/wp-json\/wp\/v2\/product_cat?post=64432"},{"taxonomy":"product_tag","embeddable":true,"href":"https:\/\/nospr.org.pl\/sklep\/wp-json\/wp\/v2\/product_tag?post=64432"}],"curies":[{"name":"wp","href":"https:\/\/api.w.org\/{rel}","templated":true}]}}