{"id":61262,"date":"2026-01-16T12:18:06","date_gmt":"2026-01-16T11:18:06","guid":{"rendered":"https:\/\/nospr.org.pl\/sklep\/produkt\/ishizaka-von-eckardstein-z-wiolonczela-w-roli-glownej\/"},"modified":"2026-03-31T19:28:03","modified_gmt":"2026-03-31T17:28:03","slug":"30-wielkanocny-festiwal-ludwiga-van-beethovena-ishizaka-schu","status":"publish","type":"product","link":"https:\/\/nospr.org.pl\/sklep\/produkt\/30-wielkanocny-festiwal-ludwiga-van-beethovena-ishizaka-schu\/","title":{"rendered":"30. Wielkanocny Festiwal Ludwiga van Beethovena \/ Ishizaka \/ Schuch"},"content":{"rendered":"<\/p>\n<p>Dzi\u015b nikogo ju\u017c nie dziwi wiolonczela jako instrument koncertuj\u0105cy. W czasach Beethovena nie by\u0142o to jednak tak oczywiste &ndash; pe\u0142ni\u0142a ona funkcj\u0119 <em>basso continuo<\/em>, akompaniowa\u0142a, ale nie znajdowa\u0142a si\u0119 na pierwszym planie. W swoich sonatach na wiolonczel\u0119 i fortepian kompozytor postanowi\u0142 natomiast oba instrumenty potraktowa\u0107 r&oacute;wnorz\u0119dnie. Wiolonczela po raz pierwszy sta\u0142a si\u0119 istotnym elementem dramaturgicznego rozwoju cyklu. Pi\u0119\u0107 sonat Beethovena uznaje si\u0119 za jedne z najcenniejszych dzie\u0142 w ca\u0142ym wiolonczelowym repertuarze kameralnym. Warto r&oacute;wnie\u017c podkre\u015bli\u0107, \u017ce utwory te &ndash; powsta\u0142e w latach 1796&ndash;1815 &ndash; reprezentuj\u0105 trzy tradycyjnie wyodr\u0119bniane okresy tw&oacute;rczo\u015bci Beethovena: wczesny, \u015brodkowy i p&oacute;\u017any.<\/p>\n<p>Sonaty z op. 5 Beethoven napisa\u0142, gdy mia\u0142 zaledwie 26 lat. Z kolei <em>Sonata A-dur<\/em> op. 69 odpowiada okresowi rozkwitu tw&oacute;rczo\u015bci kompozytora &ndash; uko\u0144czy\u0142 j\u0105 bowiem w tym samym czasie, co symfonie <em>Pi\u0105t\u0105<\/em> i <em>Sz&oacute;st\u0105<\/em>. Partytur\u0119 opatrzy\u0142 s\u0142owami <em>Inter lacrimas et luctum<\/em> (Po\u015br&oacute;d \u0142ez i smutku), cho\u0107 nie jest to nastr&oacute;j, kt&oacute;ry niejednoznacznie dominuje w utworze. Ostatnie dwie sonaty wiolonczelowe wpisuj\u0105 si\u0119 ju\u017c w pocz\u0105tek p&oacute;\u017anego stylu Beethovena, w kt&oacute;rym uwidacznia si\u0119 wi\u0119ksza emocjonalna g\u0142\u0119bia i z\u0142o\u017cono\u015b\u0107 formalna. Znacznie wi\u0119cej tu swobody &ndash; pierwsza z sonat z op. 102 ma tylko dwie cz\u0119\u015bci i sam kompozytor okre\u015bla\u0142 j\u0105 jako <em>Freie Sonate<\/em> (Sonata swobodna). Tak\u017ce druga sonata z op. 102 wprowadza wi\u0119cej odwa\u017cnych rozwi\u0105za\u0144 i zapowiada muzyczny j\u0119zyk, kt&oacute;ry dekad\u0119 p&oacute;\u017aniej us\u0142yszymy w <em>Wielkiej fudze<\/em> op. 133.<\/p>\n<p><strong>Julia Broniowska \/ NOSPR <\/strong><\/p>\n<p><strong>Czas trwania koncertu<\/strong>: ok. 90 minut<\/p>\n<p><strong>Wszystko, co musisz wiedzie\u0107 przed wizyt\u0105 w&nbsp;NOSPR&nbsp;&ndash;&nbsp;<\/strong><a href=\"https:\/\/nospr.org.pl\/pl\/aktualnosci\/wszystko-co-musisz-wiedziec-przed-wizyta-w-nospr\"><strong>wskaz&oacute;wki dla uczestnik&oacute;w wydarze\u0144.<\/strong><\/a><\/p>\n<p>Prosimy o&nbsp;zapoznanie&nbsp;si\u0119 z&nbsp;informacjami dotycz\u0105cymi parking&oacute;w w&nbsp;Strefie Kultury&nbsp;&ndash;<strong>&nbsp;<\/strong><a href=\"https:\/\/nospr.org.pl\/pl\/aktualnosci\/wazne-informacje-o-parkingach\"><strong>wa\u017cne informacje o&nbsp;parkingach<\/strong><\/a><\/p>\n","protected":false},"excerpt":{"rendered":"<p>Dzi\u015b nikogo ju\u017c nie dziwi wiolonczela jako instrument koncertuj\u0105cy. W czasach Beethovena nie by\u0142o to jednak tak oczywiste &ndash; pe\u0142ni\u0142a ona funkcj\u0119 basso continuo, akompaniowa\u0142a, ale nie znajdowa\u0142a si\u0119 na pierwszym planie. W swoich sonatach na wiolonczel\u0119 i fortepian kompozytor postanowi\u0142 natomiast oba instrumenty potraktowa\u0107 r&oacute;wnorz\u0119dnie. Wiolonczela po raz pierwszy sta\u0142a si\u0119 istotnym elementem dramaturgicznego [&hellip;]<\/p>\n","protected":false},"featured_media":0,"template":"","meta":{"_acf_changed":false,"inline_featured_image":false},"product_brand":[],"product_cat":[2217],"product_tag":[],"class_list":{"0":"post-61262","1":"product","2":"type-product","3":"status-publish","5":"product_cat-cat_241","7":"first","8":"instock","9":"virtual","10":"purchasable","11":"product-type-simple"},"acf":[],"_links":{"self":[{"href":"https:\/\/nospr.org.pl\/sklep\/wp-json\/wp\/v2\/product\/61262","targetHints":{"allow":["GET"]}}],"collection":[{"href":"https:\/\/nospr.org.pl\/sklep\/wp-json\/wp\/v2\/product"}],"about":[{"href":"https:\/\/nospr.org.pl\/sklep\/wp-json\/wp\/v2\/types\/product"}],"wp:attachment":[{"href":"https:\/\/nospr.org.pl\/sklep\/wp-json\/wp\/v2\/media?parent=61262"}],"wp:term":[{"taxonomy":"product_brand","embeddable":true,"href":"https:\/\/nospr.org.pl\/sklep\/wp-json\/wp\/v2\/product_brand?post=61262"},{"taxonomy":"product_cat","embeddable":true,"href":"https:\/\/nospr.org.pl\/sklep\/wp-json\/wp\/v2\/product_cat?post=61262"},{"taxonomy":"product_tag","embeddable":true,"href":"https:\/\/nospr.org.pl\/sklep\/wp-json\/wp\/v2\/product_tag?post=61262"}],"curies":[{"name":"wp","href":"https:\/\/api.w.org\/{rel}","templated":true}]}}