{"id":4377,"date":"2024-09-23T14:54:40","date_gmt":"2024-09-23T12:54:40","guid":{"rendered":"https:\/\/nospr.org.pl\/sklep\/produkt\/moj-karnet-koncert-kameralny-nospr\/"},"modified":"2025-02-01T18:27:29","modified_gmt":"2025-02-01T17:27:29","slug":"moj-karnet-koncert-kameralny-nospr","status":"publish","type":"product","link":"https:\/\/nospr.org.pl\/sklep\/produkt\/moj-karnet-koncert-kameralny-nospr\/","title":{"rendered":"Wielkie muzyczne dzie\u0142a"},"content":{"rendered":"<\/p>\n<p>Dlaczego nie gra\u0107 koncert&oacute;w fortepianowych w kameralnym sk\u0142adzie? Nie spos&oacute;b wskaza\u0107&nbsp;racjonalnych przeszk&oacute;d. W czasach przedfonograficznych tak w\u0142a\u015bnie poznawano wielkie&nbsp;dzie\u0142a muzyczne, kiedy akurat nie grano ich w salach koncertowych. Prywatnie, w domach, w&nbsp;miejscach spotka\u0144, podczas wsp&oacute;lnego muzykowania. Spotkanie artystycznych&nbsp;indywidualno\u015bci, ich sk\u0142onno\u015b\u0107 do wsp&oacute;\u0142pracy buduj\u0105 sens muzyki kameralnej. Dlatego ten&nbsp;znany na pami\u0119\u0107, kochany <em>Koncert e-moll<\/em> Chopina dzi\u015b, w 175. rocznic\u0119 \u015bmierci najwa\u017cniejszego polskiego muzyka, w wersji na pi\u0119\u0107 instrument&oacute;w. Dlatego w kontrapunkcie&nbsp;do niego s\u0142ynny Pstr\u0105g, arcydzie\u0142o Schuberta, kt&oacute;ry tu\u017c przed Chopinem wni&oacute;s\u0142&nbsp;wczesnoromantyczn\u0105 wra\u017cliwo\u015b\u0107 do muzyki kameralnej. Muzyka wysnuta z ducha prostej&nbsp;piosenki. W tych dw&oacute;ch romantycznych arcydzie\u0142ach nawarstwiaj\u0105 si\u0119 ludzkie emocje,&nbsp;uaktywniaj\u0105 wzruszenia, pi\u0119trz\u0105 skojarzenia. Wi\u0119cej nie trzeba.&nbsp;<\/p>\n<p><strong>Adam Suprynowicz&nbsp;<\/strong><\/p>\n<p><strong>Czas trwania koncertu:&nbsp;<\/strong>ok. 100 minut<\/p>\n<p>Ten koncert mo\u017ce by\u0107 cz\u0119\u015bci\u0105 &bdquo;Mojego karnetu&rdquo;. Sprawd\u017a szczeg&oacute;\u0142y i&nbsp;skomponuj &bdquo;M&oacute;j karnet&rdquo; dowolnie, wybieraj\u0105c spo\u015br&oacute;d koncert&oacute;w r&oacute;\u017cnych serii w&nbsp;sali kameralnej i&nbsp;koncertowej&nbsp;&ndash;&nbsp;<a data-saferedirecturl=\"https:\/\/www.google.com\/url?q=https:\/\/nospr.org.pl\/pl\/bilety\/karnety&amp;source=gmail&amp;ust=1723281251587000&amp;usg=AOvVaw2RSVYwnVUgEAw58q7DRuz2\" href=\"https:\/\/nospr.org.pl\/pl\/bilety\/karnety\" id=\"m_-3889879143875925711OWA1d2b3744-e249-6474-5e67-ef94c3ee5f60\" target=\"_blank\" rel=\"noopener\">wi\u0119cej informacji<\/a>.<\/p>\n<p><strong>Prosimy o&nbsp;zapoznanie&nbsp;si\u0119 z&nbsp;informacjami dotycz\u0105cymi parking&oacute;w w&nbsp;Strefie Kultury &ndash;&nbsp;<\/strong><strong><a data-saferedirecturl=\"https:\/\/www.google.com\/url?q=https:\/\/nospr.org.pl\/pl\/aktualnosci\/wazne-informacje-o-parkingach&amp;source=gmail&amp;ust=1723197131387000&amp;usg=AOvVaw1yPiY3uULhY_GTIGE_VJSo\" href=\"https:\/\/nospr.org.pl\/pl\/aktualnosci\/wazne-informacje-o-parkingach\" id=\"m_1070481786903339264OWA583604c9-0f4f-ad5b-11a4-dd99db6c3bd6\" rel=\"noopener noreferrer\" target=\"_blank\">wa\u017cne informacje o&nbsp;parkingach<\/a><\/strong><\/p>\n<p><strong>Wszystko, co musisz wiedzie\u0107 przed wizyt\u0105 w&nbsp;NOSPR&nbsp;&ndash;&nbsp;<\/strong><strong><a data-saferedirecturl=\"https:\/\/www.google.com\/url?q=https:\/\/nospr.org.pl\/pl\/aktualnosci\/wszystko-co-musisz-wiedziec-przed-wizyta-w-nospr&amp;source=gmail&amp;ust=1723197131387000&amp;usg=AOvVaw0kMCs8oxFkm9XaUCfC6DH5\" href=\"https:\/\/nospr.org.pl\/pl\/aktualnosci\/wszystko-co-musisz-wiedziec-przed-wizyta-w-nospr\" id=\"m_1070481786903339264OWAe5e18766-eadf-e987-1d68-0e1e53dd4c36\" rel=\"noopener noreferrer\" target=\"_blank\">wskaz&oacute;wki dla uczestnik&oacute;w wydarze\u0144<\/a><\/strong><strong>.<\/strong><\/p>\n","protected":false},"excerpt":{"rendered":"<p>Dlaczego nie gra\u0107 koncert&oacute;w fortepianowych w kameralnym sk\u0142adzie? Nie spos&oacute;b wskaza\u0107&nbsp;racjonalnych przeszk&oacute;d. W czasach przedfonograficznych tak w\u0142a\u015bnie poznawano wielkie&nbsp;dzie\u0142a muzyczne, kiedy akurat nie grano ich w salach koncertowych. Prywatnie, w domach, w&nbsp;miejscach spotka\u0144, podczas wsp&oacute;lnego muzykowania. Spotkanie artystycznych&nbsp;indywidualno\u015bci, ich sk\u0142onno\u015b\u0107 do wsp&oacute;\u0142pracy buduj\u0105 sens muzyki kameralnej. Dlatego ten&nbsp;znany na pami\u0119\u0107, kochany Koncert e-moll Chopina dzi\u015b, [&hellip;]<\/p>\n","protected":false},"featured_media":0,"template":"","meta":{"_acf_changed":false,"inline_featured_image":false},"product_brand":[],"product_cat":[15],"product_tag":[],"class_list":{"0":"post-4377","1":"product","2":"type-product","3":"status-publish","5":"product_cat-bez-kategorii","7":"first","8":"outofstock","9":"virtual","10":"purchasable","11":"product-type-simple"},"acf":[],"_links":{"self":[{"href":"https:\/\/nospr.org.pl\/sklep\/wp-json\/wp\/v2\/product\/4377","targetHints":{"allow":["GET"]}}],"collection":[{"href":"https:\/\/nospr.org.pl\/sklep\/wp-json\/wp\/v2\/product"}],"about":[{"href":"https:\/\/nospr.org.pl\/sklep\/wp-json\/wp\/v2\/types\/product"}],"wp:attachment":[{"href":"https:\/\/nospr.org.pl\/sklep\/wp-json\/wp\/v2\/media?parent=4377"}],"wp:term":[{"taxonomy":"product_brand","embeddable":true,"href":"https:\/\/nospr.org.pl\/sklep\/wp-json\/wp\/v2\/product_brand?post=4377"},{"taxonomy":"product_cat","embeddable":true,"href":"https:\/\/nospr.org.pl\/sklep\/wp-json\/wp\/v2\/product_cat?post=4377"},{"taxonomy":"product_tag","embeddable":true,"href":"https:\/\/nospr.org.pl\/sklep\/wp-json\/wp\/v2\/product_tag?post=4377"}],"curies":[{"name":"wp","href":"https:\/\/api.w.org\/{rel}","templated":true}]}}