{"id":4341,"date":"2024-09-23T14:54:34","date_gmt":"2024-09-23T12:54:34","guid":{"rendered":"https:\/\/nospr.org.pl\/sklep\/produkt\/ayo-mami-wata-tour\/"},"modified":"2025-02-01T18:27:47","modified_gmt":"2025-02-01T17:27:47","slug":"ayo-mami-wata-tour","status":"publish","type":"product","link":"https:\/\/nospr.org.pl\/sklep\/produkt\/ayo-mami-wata-tour\/","title":{"rendered":"AYO &#8211; MAMI WATA TOUR"},"content":{"rendered":"<p>Ayo to prawdziwie multi-etniczna artystka. Jej pseudonim artystyczny &quot;AYO&quot; to w&nbsp;j\u0119zyku joruba rado\u015b\u0107. W\u0142a\u015bnie tak\u0105 muzyk\u0105 &#8211; radosn\u0105 &#8211; dzieli si\u0119 z&nbsp;publiczno\u015bci\u0105. Trudno jednoznacznie j\u0105 zaklasyfikowa\u0107, gdy\u017c po cz\u0119\u015bci uwielbia indie pop, flirtuje z&nbsp;reggae, ale wszystko to okraszone jest pot\u0119\u017cn\u0105 nut\u0105 soulu i jazzu.<\/p>\n<p>Od jej wielkiego wieloplatynowego debiutu min\u0119\u0142o ju\u017c troch\u0119 lat, ale wci\u0105\u017c zaskakuje \u015bwie\u017co\u015bci\u0105 artystyczn\u0105. Ayo jest matk\u0105 tr&oacute;jki dzieci, a&nbsp;sw&oacute;j czas dzieli mi\u0119dzy Pary\u017cem i&nbsp;Nowym Jorkiem. Nie stroni te\u017c od pla\u017c Pacyfiku, dok\u0105d uwielbia podr&oacute;\u017cowa\u0107. Podbi\u0142a serca Polak&oacute;w piosenk\u0105 &bdquo;Down On My Knees&rdquo; pochodz\u0105c\u0105 z&nbsp;debiutanckiego albumu &bdquo;Joyful&rdquo;. R&oacute;wnie ogromn\u0105 popularno\u015b\u0107 odnios\u0142y tak\u017ce kolejne jej przeboje &bdquo;Life is Real&rdquo; oraz &bdquo;And It&#039;s Supposed To Be Love&rdquo;. Album &bdquo;Joyful&rdquo; ju\u017c w&nbsp;samym dniu premiery w&nbsp;Polsce zyska\u0142 status Z\u0142otej P\u0142yty. Kolejna p\u0142yta &bdquo;Gravity at Last&rdquo; przynios\u0142a mi\u0119dzy innymi hit &bdquo;Slow, Slow&rdquo;.<\/p>\n<p>Do NOSPR przyjecha\u0142a po raz ostatni jesieni\u0105 2020 roku z nowym albumem zatytu\u0142owanym &bdquo;Royal&quot;. Niestety nie by\u0142 to szcz\u0119\u015bliwy czas, gdy\u017c pandemia pokrzy\u017cowa\u0142a plany zespo\u0142owi i melomanom. Dwa koncerty, kt&oacute;re podzielone zosta\u0142y na 25% publiczno\u015bci (obostrzenia pandemiczne) wprawdzie si\u0119 odby\u0142y, ale wielu fan&oacute;w nie mog\u0142o z powod&oacute;w obostrze\u0144 wzi\u0105\u0107 w nich udzia\u0142u.<\/p>\n<p>Ayo p\u0142yt\u0119 &bdquo;Royal&rdquo; pocz\u0105tkowo zamierza\u0142a nagra\u0107 z przer&oacute;bkami jej w\u0142asnych piosenek, ale nag\u0142y przyp\u0142yw weny sprawi\u0142, \u017ce powsta\u0142 materia\u0142 na pe\u0142ny album. Cho\u0107 komponowa\u0142a je z pomoc\u0105 gitary, to tym razem skupi\u0142a si\u0119 wy\u0142\u0105cznie na \u015bpiewaniu. Jej ciep\u0142a barwa g\u0142osu jest ujmuj\u0105ca i koj\u0105ca, a proste melodie trafiaj\u0105 wprost do serca. Ca\u0142o\u015b\u0107 mo\u017ce si\u0119 kojarzy\u0107 z produkcjami Tracy Chapman, Sade i Norah Jones.<\/p>\n<p>P\u0142yta przez ca\u0142y czas pulsuje delikatnym rytmem, potraktowanym na r&oacute;\u017cne sposoby &ndash; od folkowego &quot;Rest Assured&quot;, przez za\u015bpiewan\u0105 z pasj\u0105 chwytliw\u0105 piosenk\u0119 &quot;Beautiful&quot;, jazzuj\u0105cy &quot;Rossie Blue&quot;, bluesowy &quot;Fix MeUp&quot;, reggae&rsquo;owy &quot;I&rsquo;m In Love&quot;, po zwiewn\u0105 ballad\u0119 &quot;Just Like I Can&rsquo;t&quot;. Na &quot;Royal&quot; trafi\u0142y tak\u017ce trzy bezb\u0142\u0119dnie zinterpretowane covery. &quot;N&eacute; Quelque Part&quot; Maxime&rsquo;a le Forestiera ma ko\u0142ysz\u0105cy rytm reggae i delikatno\u015b\u0107 francuskiej piosenki. Ayo reinterpretuje tak\u017ce &quot;Throw It Away&quot; s\u0142ynnej jazzowej wokalistki Abbey Lincoln oraz soulowy hymn Lhasy &quot;Fool&rsquo;s Gold&quot;. Bardzo kobiecy album o szlachetnym akustycznym brzmieniu i popowej chwytliwo\u015bci.<\/p>\n<p>W grudniu 2024 roku Ayo powraca do Katowic na koncert w NOSPR z nowym, premierowym projektem &bdquo;MAMI WATA&rdquo;. Nie zabraknie jednak starych przeboj&oacute;w. Zw\u0142aszcza jej \u017cywio\u0142owe koncerty ciesz\u0105 si\u0119 ogromnym zainteresowaniem na ca\u0142ym \u015bwiecie.<\/p>\n<p>Jak sama artystka m&oacute;wi: &bdquo;S\u0142awa nigdy nie by\u0142a dla mnie motywacj\u0105 do napisania utworu czy grania muzyki. To zawsze by\u0142o \u017cycie, ono najbardziej mnie motywowa\u0142o&rdquo;. Polecam i zapraszamy do NOSPR w Katowicach.<\/p>\n<p>[EMBED=https:\/\/www.youtube.com\/embed\/gyEiW7TUMV8]<\/p>\n<p>[EMBED=https:\/\/www.youtube.com\/embed\/TVhBQ0aEvwU]<\/p>\n<p>[EMBED=https:\/\/www.youtube.com\/embed\/FdrfRfcDoCY]<\/p>\n<p><strong>Czas trwania koncertu:<\/strong>&nbsp;ok. 90 minut<\/p>\n<p><strong>Prosimy o&nbsp;zapoznanie&nbsp;si\u0119 z&nbsp;informacjami dotycz\u0105cymi parking&oacute;w w&nbsp;Strefie Kultury &ndash;&nbsp;<a data-auth=\"NotApplicable\" data-linkindex=\"0\" href=\"https:\/\/nospr.org.pl\/pl\/aktualnosci\/wazne-informacje-o-parkingach\" id=\"OWA931e56b2-0a48-6a46-9479-cff8b4aebca5\" rel=\"noopener noreferrer\" target=\"_blank\">wa\u017cne informacje o&nbsp;parkingach<\/a><\/strong><\/p>\n<p><strong>Wszystko, co musisz wiedzie\u0107 przed wizyt\u0105 w&nbsp;NOSPR&nbsp;&ndash;&nbsp;<a data-auth=\"NotApplicable\" data-linkindex=\"1\" href=\"https:\/\/nospr.org.pl\/pl\/aktualnosci\/wszystko-co-musisz-wiedziec-przed-wizyta-w-nospr\" id=\"OWA218a2ad4-8b02-0d27-f2d1-88829c177c7c\" rel=\"noopener noreferrer\" target=\"_blank\">wskaz&oacute;wki dla uczestnik&oacute;w wydarze\u0144<\/a>.<\/strong><\/p>\n","protected":false},"excerpt":{"rendered":"<p>Ayo to prawdziwie multi-etniczna artystka. Jej pseudonim artystyczny &quot;AYO&quot; to w&nbsp;j\u0119zyku joruba rado\u015b\u0107. W\u0142a\u015bnie tak\u0105 muzyk\u0105 &#8211; radosn\u0105 &#8211; dzieli si\u0119 z&nbsp;publiczno\u015bci\u0105. Trudno jednoznacznie j\u0105 zaklasyfikowa\u0107, gdy\u017c po cz\u0119\u015bci uwielbia indie pop, flirtuje z&nbsp;reggae, ale wszystko to okraszone jest pot\u0119\u017cn\u0105 nut\u0105 soulu i jazzu. Od jej wielkiego wieloplatynowego debiutu min\u0119\u0142o ju\u017c troch\u0119 lat, ale wci\u0105\u017c [&hellip;]<\/p>\n","protected":false},"featured_media":0,"template":"","meta":{"_acf_changed":false,"inline_featured_image":false},"product_brand":[],"product_cat":[147],"product_tag":[],"class_list":{"0":"post-4341","1":"product","2":"type-product","3":"status-publish","5":"product_cat-cat_195","7":"first","8":"outofstock","9":"virtual","10":"purchasable","11":"product-type-simple"},"acf":[],"_links":{"self":[{"href":"https:\/\/nospr.org.pl\/sklep\/wp-json\/wp\/v2\/product\/4341","targetHints":{"allow":["GET"]}}],"collection":[{"href":"https:\/\/nospr.org.pl\/sklep\/wp-json\/wp\/v2\/product"}],"about":[{"href":"https:\/\/nospr.org.pl\/sklep\/wp-json\/wp\/v2\/types\/product"}],"wp:attachment":[{"href":"https:\/\/nospr.org.pl\/sklep\/wp-json\/wp\/v2\/media?parent=4341"}],"wp:term":[{"taxonomy":"product_brand","embeddable":true,"href":"https:\/\/nospr.org.pl\/sklep\/wp-json\/wp\/v2\/product_brand?post=4341"},{"taxonomy":"product_cat","embeddable":true,"href":"https:\/\/nospr.org.pl\/sklep\/wp-json\/wp\/v2\/product_cat?post=4341"},{"taxonomy":"product_tag","embeddable":true,"href":"https:\/\/nospr.org.pl\/sklep\/wp-json\/wp\/v2\/product_tag?post=4341"}],"curies":[{"name":"wp","href":"https:\/\/api.w.org\/{rel}","templated":true}]}}