{"id":4305,"date":"2024-09-23T14:54:28","date_gmt":"2024-09-23T12:54:28","guid":{"rendered":"https:\/\/nospr.org.pl\/sklep\/produkt\/moj-karnet-piesn-lubi-spiew-wiolonczel\/"},"modified":"2025-02-22T19:28:54","modified_gmt":"2025-02-22T18:28:54","slug":"moj-karnet-piesn-lubi-spiew-wiolonczel","status":"publish","type":"product","link":"https:\/\/nospr.org.pl\/sklep\/produkt\/moj-karnet-piesn-lubi-spiew-wiolonczel\/","title":{"rendered":"Boulanger \/ Beamish \/ Brahms \/ Uwodz\u0105cy \u015bpiew wiolonczeli"},"content":{"rendered":"<p>Szanowni Pa\u0144stwo, informujemy, \u017ce podczas koncertu b\u0119d\u0105 Pa\u0144stwo mogli skorzysta\u0107 z oferty&nbsp;baru kawowego znajduj\u0105cego si\u0119 w&nbsp;og&oacute;lnodost\u0119pnej przestrzeni NOSPR.<\/p>\n<p>Sonat\u0119 e-moll Brahms napisa\u0142 na bliskie sobie instrumenty: fortepian i wiolonczel\u0119. Podczas prawykonania kompozytor gra\u0142 bardzo g\u0142o\u015bno, a kiedy wiolonczelista (uzdolniony amator) zwr&oacute;ci\u0142 mu uwag\u0119, odpowiedzia\u0142: &bdquo;Szcz\u0119\u015bliwie dla ciebie&rdquo;. Taki zabieg maskuj\u0105cy nie b\u0119dzie konieczny podczas katowickiego koncertu m\u0142odych wirtuoz&oacute;w; b\u0119dziemy mogli skupi\u0107 si\u0119 na zapieraj\u0105cej dech w piersi dramaturgii tego dzie\u0142a, zwie\u0144czonego fugowanym fina\u0142em opartym na Contrapunctus 13 z Bachowskiej Kunst der Fuge.&nbsp;<\/p>\n<p>Nadia Boulanger przesta\u0142a komponowa\u0107 po przedwczesnej \u015bmierci siostry Lili, kt&oacute;r\u0105 uwa\u017ca\u0142a za bardziej utalentowan\u0105 od siebie. Cho\u0107 jako pedago\u017cka wychowa\u0142a p&oacute;\u017aniej niema\u0142\u0105 grup\u0119 kompozytor&oacute;w nurtu neoklasycznego, jej w\u0142asna muzyka mo\u017ce te\u017c przywodzi\u0107 na my\u015bl tw&oacute;rczo\u015b\u0107 Debussy&rsquo;ego. W Trzech utworach odnajdziemy mistrzowskie po\u0142\u0105czenie tych tendencji. Sally Beamish lubi \u015bpiew wiolonczeli, mo\u017cemy si\u0119 wi\u0119c spodziewa\u0107 nowej pie\u015bni na ten instrument.&nbsp;<\/p>\n<p><strong>Adam Suprynowicz<\/strong><\/p>\n<p>Benjamin Kruithof wyst\u0105pi w NOSPR w ramach programu&nbsp;ECHO Rising Stars realizowanego przez instytucje zrzeszone w <a aria-label=\"Link European Concert Hall Organisation\" href=\"https:\/\/www.concerthallorganisation.eu\/\" id=\"menur3bl\" rel=\"noreferrer noopener\" target=\"_blank\" title=\"https:\/\/www.concerthallorganisation.eu\/\">European Concert Hall Organisation<\/a>. Wiolonczelista zosta\u0142 nominowany do programu&nbsp;przez Het Concertgebouw Amsterdam with Philharmonie du Luxembourg.<\/p>\n<p><strong>Czas trwania koncertu:<\/strong> ok. 70 minut<\/p>\n<p>Ten koncert mo\u017ce by\u0107 cz\u0119\u015bci\u0105 &bdquo;Mojego karnetu&rdquo;. Sprawd\u017a szczeg&oacute;\u0142y i&nbsp;skomponuj &bdquo;M&oacute;j karnet&rdquo; dowolnie, wybieraj\u0105c spo\u015br&oacute;d koncert&oacute;w r&oacute;\u017cnych serii w&nbsp;sali kameralnej i&nbsp;koncertowej&nbsp;&ndash;&nbsp;<a data-saferedirecturl=\"https:\/\/www.google.com\/url?q=https:\/\/nospr.org.pl\/pl\/bilety\/karnety&amp;source=gmail&amp;ust=1723281251587000&amp;usg=AOvVaw2RSVYwnVUgEAw58q7DRuz2\" href=\"https:\/\/nospr.org.pl\/pl\/bilety\/karnety\" id=\"m_-3889879143875925711OWA1d2b3744-e249-6474-5e67-ef94c3ee5f60\" target=\"_blank\">wi\u0119cej informacji<\/a>.<\/p>\n<p><strong>Prosimy o&nbsp;zapoznanie&nbsp;si\u0119 z&nbsp;informacjami dotycz\u0105cymi parking&oacute;w w&nbsp;Strefie Kultury &ndash;&nbsp;<\/strong><strong><a data-saferedirecturl=\"https:\/\/www.google.com\/url?q=https:\/\/nospr.org.pl\/pl\/aktualnosci\/wazne-informacje-o-parkingach&amp;source=gmail&amp;ust=1723197131387000&amp;usg=AOvVaw1yPiY3uULhY_GTIGE_VJSo\" href=\"https:\/\/nospr.org.pl\/pl\/aktualnosci\/wazne-informacje-o-parkingach\" id=\"m_1070481786903339264OWA583604c9-0f4f-ad5b-11a4-dd99db6c3bd6\" rel=\"noopener noreferrer\" target=\"_blank\">wa\u017cne informacje o&nbsp;parkingach<\/a><\/strong><\/p>\n<p><strong>Wszystko, co musisz wiedzie\u0107 przed wizyt\u0105 w&nbsp;NOSPR&nbsp;&ndash;&nbsp;<\/strong><strong><a data-saferedirecturl=\"https:\/\/www.google.com\/url?q=https:\/\/nospr.org.pl\/pl\/aktualnosci\/wszystko-co-musisz-wiedziec-przed-wizyta-w-nospr&amp;source=gmail&amp;ust=1723197131387000&amp;usg=AOvVaw0kMCs8oxFkm9XaUCfC6DH5\" href=\"https:\/\/nospr.org.pl\/pl\/aktualnosci\/wszystko-co-musisz-wiedziec-przed-wizyta-w-nospr\" id=\"m_1070481786903339264OWAe5e18766-eadf-e987-1d68-0e1e53dd4c36\" rel=\"noopener noreferrer\" target=\"_blank\">wskaz&oacute;wki dla uczestnik&oacute;w wydarze\u0144<\/a><\/strong><strong>.<\/strong><\/p>\n","protected":false},"excerpt":{"rendered":"<p>Szanowni Pa\u0144stwo, informujemy, \u017ce podczas koncertu b\u0119d\u0105 Pa\u0144stwo mogli skorzysta\u0107 z oferty&nbsp;baru kawowego znajduj\u0105cego si\u0119 w&nbsp;og&oacute;lnodost\u0119pnej przestrzeni NOSPR. Sonat\u0119 e-moll Brahms napisa\u0142 na bliskie sobie instrumenty: fortepian i wiolonczel\u0119. Podczas prawykonania kompozytor gra\u0142 bardzo g\u0142o\u015bno, a kiedy wiolonczelista (uzdolniony amator) zwr&oacute;ci\u0142 mu uwag\u0119, odpowiedzia\u0142: &bdquo;Szcz\u0119\u015bliwie dla ciebie&rdquo;. Taki zabieg maskuj\u0105cy nie b\u0119dzie konieczny podczas katowickiego [&hellip;]<\/p>\n","protected":false},"featured_media":0,"template":"","meta":{"_acf_changed":false,"inline_featured_image":false},"product_brand":[],"product_cat":[120,118],"product_tag":[],"class_list":{"0":"post-4305","1":"product","2":"type-product","3":"status-publish","5":"product_cat-cat_164","6":"product_cat-cat_162","8":"first","9":"instock","10":"virtual","11":"purchasable","12":"product-type-simple"},"acf":[],"_links":{"self":[{"href":"https:\/\/nospr.org.pl\/sklep\/wp-json\/wp\/v2\/product\/4305","targetHints":{"allow":["GET"]}}],"collection":[{"href":"https:\/\/nospr.org.pl\/sklep\/wp-json\/wp\/v2\/product"}],"about":[{"href":"https:\/\/nospr.org.pl\/sklep\/wp-json\/wp\/v2\/types\/product"}],"wp:attachment":[{"href":"https:\/\/nospr.org.pl\/sklep\/wp-json\/wp\/v2\/media?parent=4305"}],"wp:term":[{"taxonomy":"product_brand","embeddable":true,"href":"https:\/\/nospr.org.pl\/sklep\/wp-json\/wp\/v2\/product_brand?post=4305"},{"taxonomy":"product_cat","embeddable":true,"href":"https:\/\/nospr.org.pl\/sklep\/wp-json\/wp\/v2\/product_cat?post=4305"},{"taxonomy":"product_tag","embeddable":true,"href":"https:\/\/nospr.org.pl\/sklep\/wp-json\/wp\/v2\/product_tag?post=4305"}],"curies":[{"name":"wp","href":"https:\/\/api.w.org\/{rel}","templated":true}]}}