{"id":4301,"date":"2024-09-23T14:54:27","date_gmt":"2024-09-23T12:54:27","guid":{"rendered":"https:\/\/nospr.org.pl\/sklep\/produkt\/muzyka-najnowsza-de-profundis-podroze-w-nieznane\/"},"modified":"2025-03-02T18:00:53","modified_gmt":"2025-03-02T17:00:53","slug":"muzyka-najnowsza-de-profundis-podroze-w-nieznane","status":"publish","type":"product","link":"https:\/\/nospr.org.pl\/sklep\/produkt\/muzyka-najnowsza-de-profundis-podroze-w-nieznane\/","title":{"rendered":"De Profundis &#8211; spektakl muzyczny Andrzeja Chyry \/ premiera"},"content":{"rendered":"<p><strong>Produkcja w j\u0119zyku angielskim z t\u0142umaczeniem na j\u0119zyk polski.<\/strong><\/p>\n<p><span><span><span>&bdquo;\u015awiat nie ma sensu. Trzeba mu go nada\u0107 samemu. Z\u0142o\u017cy\u0107 ofiar\u0119&rdquo; &ndash; m&oacute;wi grany przez Andrzeja Chyr\u0119 bohater dramatu wi\u0119ziennego <em>Symetria<\/em>. w re\u017cyserii Konrada Niewolskiego. Czy pod tym zdaniem wypowiedzianym przez Dawida, skazanego na wieloletni\u0105 kar\u0119 pozbawienia wolno\u015bci intelektualisty&nbsp;i wyk\u0142adowcy akademickiego, podpisa\u0142by si\u0119 Frederic Rzewski, zmar\u0142y niedawno mistrz minimalizmu i eksperymentalnej muzyki zaanga\u017cowanej? Na pewno taka my\u015bl bliska by\u0142a Oscarowi Wilde&rsquo;owi, kt&oacute;rego konfesyjny list <em>De Profundis<\/em> &ndash; \u015bwiadectwo pobytu poety w XIX-wiecznym zak\u0142adzie karnym za nielegalne w tamtej epoce praktyki seksualne &ndash; sta\u0142 si\u0119 podstaw\u0105 jednego z najwa\u017cniejszych utwor&oacute;w ameryka\u0144skiego kompozytora. &nbsp;<\/span><\/span><\/span><\/p>\n<p><span><span><span>Do\u015bwiadczenie zniewolenia &ndash; egzystencjalnego, politycznego, ale te\u017c rozumianego najbardziej dos\u0142ownie &ndash; by\u0142o jednym z kluczowych temat&oacute;w tw&oacute;rczo\u015bci Rzewskiego. Motyw ten powraca tak\u017ce w utworach <em>Coming Together<\/em> i <em>Attica<\/em> opartych na tyle\u017c lakonicznych, co wstrz\u0105saj\u0105cych s\u0142owach \u015bwiadk&oacute;w i uczestnik&oacute;w buntu w ameryka\u0144skim wi\u0119zieniu Attica.<\/span><\/span><\/span><\/p>\n<p>Trzy kompozycje i trzy bardzo r&oacute;\u017cne teksty z\u0142o\u017cy\u0142y si\u0119 w wyobra\u017ani Andrzeja Chyry w swoisty inscenizowany koncert, a mo\u017ce nawet minimalistyczn\u0105 oper\u0119.&nbsp;<span><span><span>Bogata emocjonalnie i dramaturgicznie mozaika romantycznego liryzmu i ostrej ironii, konkretu codziennego \u017cycia i religijnej \u017carliwo\u015bci, ukojenia przynoszonego przez artystyczn\u0105 ekspresj\u0119 oraz gorzkiego milczenia porusz\u0105 nie tylko koneser&oacute;w nowej muzyki, lecz tak\u017ce poszukuj\u0105cych odpowiedzi na najwa\u017cniejsze pytania mi\u0142o\u015bnik&oacute;w teatru, kina czy literatury.<\/span><\/span><\/span><\/p>\n<p><span><span><span>Zapraszamy na produkcj\u0119 Narodowej Orkiestry Symfonicznej Polskiego Radia, w kt&oacute;rej poszukujemy odpowiedzi na dylematy wsp&oacute;\u0142czesno\u015bci w nowatorskim spektaklu z&nbsp;pogranicza wsp&oacute;\u0142czesnego koncertu, teatru dramatycznego i opery.&nbsp;<\/span><\/span><\/span><\/p>\n<p><strong>Micha\u0142 Mendyk<\/strong><\/p>\n<p><strong>Czas trwania koncertu<\/strong>: ok. 60 minut<\/p>\n<p><strong>Prosimy o&nbsp;zapoznanie&nbsp;si\u0119 z&nbsp;informacjami dotycz\u0105cymi parking&oacute;w w&nbsp;Strefie Kultury &ndash;&nbsp;<a data-saferedirecturl=\"https:\/\/www.google.com\/url?q=https:\/\/nospr.org.pl\/pl\/aktualnosci\/wazne-informacje-o-parkingach&amp;source=gmail&amp;ust=1723197131387000&amp;usg=AOvVaw1yPiY3uULhY_GTIGE_VJSo\" href=\"https:\/\/nospr.org.pl\/pl\/aktualnosci\/wazne-informacje-o-parkingach\" id=\"m_1070481786903339264OWA583604c9-0f4f-ad5b-11a4-dd99db6c3bd6\" rel=\"noopener noreferrer\" target=\"_blank\">wa\u017cne informacje o&nbsp;parkingach<\/a><\/strong><\/p>\n<p><strong>Wszystko, co musisz wiedzie\u0107 przed wizyt\u0105 w&nbsp;NOSPR&nbsp;&ndash;&nbsp;<\/strong><strong><a data-saferedirecturl=\"https:\/\/www.google.com\/url?q=https:\/\/nospr.org.pl\/pl\/aktualnosci\/wszystko-co-musisz-wiedziec-przed-wizyta-w-nospr&amp;source=gmail&amp;ust=1723197131387000&amp;usg=AOvVaw0kMCs8oxFkm9XaUCfC6DH5\" href=\"https:\/\/nospr.org.pl\/pl\/aktualnosci\/wszystko-co-musisz-wiedziec-przed-wizyta-w-nospr\" id=\"m_1070481786903339264OWAe5e18766-eadf-e987-1d68-0e1e53dd4c36\" rel=\"noopener noreferrer\" target=\"_blank\">wskaz&oacute;wki dla uczestnik&oacute;w wydarze\u0144<\/a><\/strong><strong>.<\/strong><\/p>\n","protected":false},"excerpt":{"rendered":"<p>Produkcja w j\u0119zyku angielskim z t\u0142umaczeniem na j\u0119zyk polski. &bdquo;\u015awiat nie ma sensu. Trzeba mu go nada\u0107 samemu. Z\u0142o\u017cy\u0107 ofiar\u0119&rdquo; &ndash; m&oacute;wi grany przez Andrzeja Chyr\u0119 bohater dramatu wi\u0119ziennego Symetria. w re\u017cyserii Konrada Niewolskiego. Czy pod tym zdaniem wypowiedzianym przez Dawida, skazanego na wieloletni\u0105 kar\u0119 pozbawienia wolno\u015bci intelektualisty&nbsp;i wyk\u0142adowcy akademickiego, podpisa\u0142by si\u0119 Frederic Rzewski, zmar\u0142y [&hellip;]<\/p>\n","protected":false},"featured_media":0,"template":"","meta":{"_acf_changed":false,"inline_featured_image":false},"product_brand":[],"product_cat":[124],"product_tag":[],"class_list":{"0":"post-4301","1":"product","2":"type-product","3":"status-publish","5":"product_cat-cat_171","7":"first","8":"instock","9":"virtual","10":"purchasable","11":"product-type-simple"},"acf":[],"_links":{"self":[{"href":"https:\/\/nospr.org.pl\/sklep\/wp-json\/wp\/v2\/product\/4301","targetHints":{"allow":["GET"]}}],"collection":[{"href":"https:\/\/nospr.org.pl\/sklep\/wp-json\/wp\/v2\/product"}],"about":[{"href":"https:\/\/nospr.org.pl\/sklep\/wp-json\/wp\/v2\/types\/product"}],"wp:attachment":[{"href":"https:\/\/nospr.org.pl\/sklep\/wp-json\/wp\/v2\/media?parent=4301"}],"wp:term":[{"taxonomy":"product_brand","embeddable":true,"href":"https:\/\/nospr.org.pl\/sklep\/wp-json\/wp\/v2\/product_brand?post=4301"},{"taxonomy":"product_cat","embeddable":true,"href":"https:\/\/nospr.org.pl\/sklep\/wp-json\/wp\/v2\/product_cat?post=4301"},{"taxonomy":"product_tag","embeddable":true,"href":"https:\/\/nospr.org.pl\/sklep\/wp-json\/wp\/v2\/product_tag?post=4301"}],"curies":[{"name":"wp","href":"https:\/\/api.w.org\/{rel}","templated":true}]}}