{"id":4284,"date":"2024-09-23T14:54:23","date_gmt":"2024-09-23T12:54:23","guid":{"rendered":"https:\/\/nospr.org.pl\/sklep\/produkt\/slonski-blues\/"},"modified":"2025-04-06T15:58:48","modified_gmt":"2025-04-06T13:58:48","slug":"slonski-blues","status":"publish","type":"product","link":"https:\/\/nospr.org.pl\/sklep\/produkt\/slonski-blues\/","title":{"rendered":"\u015al\u014dnski blues"},"content":{"rendered":"<p><span><span><span><em>\u015al\u014dnski blues<\/em> to autorska historia hajera Dudiego, kt&oacute;ry po wybuchu na kopalni w zupe\u0142nej samotno\u015bci i bez szansy na wyj\u015bcie na zewn\u0105trz odkrywa sw&oacute;j muzyczny talent. Pomaga mu w tym duch kopalni Skarbek, kt&oacute;ry zjawia si\u0119 nie tyle z pieni\u0119dzmi, co z histori\u0105 bluesa na \u015al\u0105sku i niespodziewanym wsparciem dla Dudiego&hellip; <\/span><\/span><\/span><\/p>\n<p><span><span><span><em>\u015al\u014dnski blues<\/em> w warstwie psychologicznej to tak\u017ce opowie\u015b\u0107 o trudnych emocjach i potrzebie poszukiwania sensu. Spektakl powsta\u0142 we wsp&oacute;\u0142pracy z Monik\u0105 Drygalsk\u0105 prowadz\u0105c\u0105 w NOSPR warsztaty nauki gry na skrzypcach metod\u0105 Suzuki &bdquo;W dobr\u0105 strun\u0119&rdquo; oraz Barbar\u0105 Plaz\u0105 ze Szko\u0142y Suzuki &ndash; Tarnowskie G&oacute;ry. <\/span><\/span><\/span><\/p>\n<p><span><span><span>W programie r&oacute;wnie\u017c nauka piosenek wplecionych w tre\u015b\u0107 opowie\u015bci i skali bluesowej, demonstracja instrument&oacute;w: wiolonczeli, kontrabasu i fortepianu, udzia\u0142 m\u0142odych adept&oacute;w gry na skrzypcach, a tak\u017ce prezentacja tw&oacute;rczo\u015bci najwi\u0119kszych \u015bl\u0105skich bluesman&oacute;w (Irek Dudek, J&oacute;zef Skrzek, Marek Makaron).<\/span><\/span><\/span><\/p>\n<p>&nbsp;<\/p>\n<\/p>\n<p data-delay=\"0\" data-scroll=\"fadeUp\"><strong>Prosimy o&nbsp;zapoznanie&nbsp;si\u0119 z&nbsp;informacjami dotycz\u0105cymi parking&oacute;w w&nbsp;Strefie Kultury &ndash;&nbsp;<\/strong><strong><a data-saferedirecturl=\"https:\/\/www.google.com\/url?q=https:\/\/nospr.org.pl\/pl\/aktualnosci\/wazne-informacje-o-parkingach&amp;source=gmail&amp;ust=1723197131387000&amp;usg=AOvVaw1yPiY3uULhY_GTIGE_VJSo\" href=\"https:\/\/nospr.org.pl\/pl\/aktualnosci\/wazne-informacje-o-parkingach\" id=\"m_1070481786903339264OWA583604c9-0f4f-ad5b-11a4-dd99db6c3bd6\" rel=\"noopener noreferrer\" target=\"_blank\">wa\u017cne informacje o&nbsp;parkingach<\/a><\/strong><\/p>\n<p data-delay=\"0\" data-scroll=\"fadeUp\"><strong>Wszystko, co musisz wiedzie\u0107 przed wizyt\u0105 w&nbsp;NOSPR&nbsp;&ndash;&nbsp;<\/strong><strong><a data-saferedirecturl=\"https:\/\/www.google.com\/url?q=https:\/\/nospr.org.pl\/pl\/aktualnosci\/wszystko-co-musisz-wiedziec-przed-wizyta-w-nospr&amp;source=gmail&amp;ust=1723197131387000&amp;usg=AOvVaw0kMCs8oxFkm9XaUCfC6DH5\" href=\"https:\/\/nospr.org.pl\/pl\/aktualnosci\/wszystko-co-musisz-wiedziec-przed-wizyta-w-nospr\" id=\"m_1070481786903339264OWAe5e18766-eadf-e987-1d68-0e1e53dd4c36\" rel=\"noopener noreferrer\" target=\"_blank\">wskaz&oacute;wki dla uczestnik&oacute;w wydarze\u0144<\/a><\/strong><strong>.<\/strong><\/p>\n","protected":false},"excerpt":{"rendered":"<p>\u015al\u014dnski blues to autorska historia hajera Dudiego, kt&oacute;ry po wybuchu na kopalni w zupe\u0142nej samotno\u015bci i bez szansy na wyj\u015bcie na zewn\u0105trz odkrywa sw&oacute;j muzyczny talent. Pomaga mu w tym duch kopalni Skarbek, kt&oacute;ry zjawia si\u0119 nie tyle z pieni\u0119dzmi, co z histori\u0105 bluesa na \u015al\u0105sku i niespodziewanym wsparciem dla Dudiego&hellip; \u015al\u014dnski blues w warstwie [&hellip;]<\/p>\n","protected":false},"featured_media":0,"template":"","meta":{"_acf_changed":false,"inline_featured_image":false},"product_brand":[],"product_cat":[169],"product_tag":[],"class_list":{"0":"post-4284","1":"product","2":"type-product","3":"status-publish","5":"product_cat-cat_221","7":"first","8":"instock","9":"virtual","10":"purchasable","11":"product-type-simple"},"acf":[],"_links":{"self":[{"href":"https:\/\/nospr.org.pl\/sklep\/wp-json\/wp\/v2\/product\/4284","targetHints":{"allow":["GET"]}}],"collection":[{"href":"https:\/\/nospr.org.pl\/sklep\/wp-json\/wp\/v2\/product"}],"about":[{"href":"https:\/\/nospr.org.pl\/sklep\/wp-json\/wp\/v2\/types\/product"}],"wp:attachment":[{"href":"https:\/\/nospr.org.pl\/sklep\/wp-json\/wp\/v2\/media?parent=4284"}],"wp:term":[{"taxonomy":"product_brand","embeddable":true,"href":"https:\/\/nospr.org.pl\/sklep\/wp-json\/wp\/v2\/product_brand?post=4284"},{"taxonomy":"product_cat","embeddable":true,"href":"https:\/\/nospr.org.pl\/sklep\/wp-json\/wp\/v2\/product_cat?post=4284"},{"taxonomy":"product_tag","embeddable":true,"href":"https:\/\/nospr.org.pl\/sklep\/wp-json\/wp\/v2\/product_tag?post=4284"}],"curies":[{"name":"wp","href":"https:\/\/api.w.org\/{rel}","templated":true}]}}