{"id":42288,"date":"2025-09-17T11:18:18","date_gmt":"2025-09-17T09:18:18","guid":{"rendered":"https:\/\/nospr.org.pl\/sklep\/produkt\/kwiat-jabloni-przesilenie-tour-2\/"},"modified":"2026-02-14T04:44:03","modified_gmt":"2026-02-14T03:44:03","slug":"kwiat-jabloni-przesilenie-tour-2","status":"publish","type":"product","link":"https:\/\/nospr.org.pl\/sklep\/produkt\/kwiat-jabloni-przesilenie-tour-2\/","title":{"rendered":"Kwiat Jab\u0142oni \/ Przesilenie Tour"},"content":{"rendered":"<p>&bdquo;Przesilenie&rdquo; Kwiatu Jab\u0142oni odwiedzi najpi\u0119kniejsze sale koncertowe i filharmonie w ca\u0142ej Polsce!<\/p>\n<p>15 minut &ndash; tyle wystarczy\u0142o, aby wyprzeda\u0142y si\u0119 rejestrowane na \u017cywo wyst\u0119py zespo\u0142u z orkiestr\u0105. Teraz Kwiat Jab\u0142oni og\u0142asza po\u017cegnaln\u0105 tras\u0119 koncertow\u0105 Przesilenie, na kt&oacute;rej zagra swoje utwory w aran\u017cacjach koncertowych przed zapowiadan\u0105 przerw\u0105. Wiosn\u0105 przysz\u0142ego roku odwiedz\u0105 najpi\u0119kniejsze sale koncertowe i filharmonie w Katowicach, Krakowie, Poznaniu, Wroc\u0142awiu, Toruniu i Gdyni!&nbsp;<\/p>\n<p>&bdquo;Czego\u015b takiego jeszcze nie robili\u015bmy i nie by\u0142o Kwiatu Jab\u0142oni w tak rozbudowanej formie. Zaprezentujemy nasze piosenki w orkiestrowej, maksymalnej dla naszej grupy formule i to b\u0119dzie dla nas idealny moment, by po naszym pi\u0119knym orkiestrowym Przesileniu zapa\u015b\u0107 z zespo\u0142em w sen&rdquo; &ndash; zapowiadaj\u0105 Kasia i Jacek Sienkiewicz.<\/p>\n<p>Na scenie stanie 34 muzyk&oacute;w tworz\u0105cych jeden sp&oacute;jny, koncertowy organizm. Poza typowymi instrumentami orkiestrowymi pojawi\u0105 si\u0119 tak\u017ce lira korbowa, irlandzki flet, mandolina, banjo, marimba czy gitara dobro. Aran\u017cacje stworzyli: Jacek Sienkiewicz, Antoni Wojnar, Andrzej Szachowski i Janek Stok\u0142osa. Orkiestr\u0119 poprowadzi Mateusz Gwizda\u0142\u0142a.<\/p>\n<p>&bdquo;Orkiestrowe aran\u017cacje s\u0105 naszym marzeniem od samego pocz\u0105tku istnienia Kwiatu Jab\u0142oni. Mam wra\u017cenie, \u017ce nie pami\u0119tamy o tym, jak niesamowitym, niepowtarzalnym doznaniem jest s\u0142uchanie orkiestry na \u017cywo. Chcia\u0142abym o tym przypomnie\u0107 szerszej publiczno\u015bci&rdquo; &ndash; m&oacute;wi Kasia Sienkiewicz.<\/p>\n<p>Tytu\u0142owe Przesilenie nawi\u0105zuje do momentu uspokojenia i wyciszenia &ndash; to symboliczne zamkni\u0119cie pewnego etapu i zapowied\u017a przerwy w dzia\u0142alno\u015bci zespo\u0142u.<\/p>\n<p>Kwiat Jab\u0142oni &ndash; trasa Przesilenie:<\/p>\n<p>15.02.2026 &ndash; Katowice, NOSPR<br \/>\n01.03.2026 &ndash; Krak&oacute;w, ICE Krak&oacute;w<br \/>\n08.03.2026 &ndash; Pozna\u0144, Sala Ziemi<br \/>\n15.03.2026 &ndash; Wroc\u0142aw, NFM<br \/>\n19.04.2026 &ndash; Toru\u0144, CKK Jordanki<br \/>\n28.04.2026 &ndash; Gdynia, Teatr Muzyczny<\/p>\n<p><strong>Czas trwania koncertu<\/strong>: ok. 90 minut<\/p>\n<p dir=\"ltr\"><strong>Wszystko, co musisz wiedzie\u0107 przed wizyt\u0105 w&nbsp;NOSPR&nbsp;&ndash;&nbsp;<a href=\"https:\/\/nospr.org.pl\/pl\/aktualnosci\/wszystko-co-musisz-wiedziec-przed-wizyta-w-nospr\">wskaz&oacute;wki dla uczestnik&oacute;w wydarze\u0144<\/a>.<\/strong><\/p>\n<p data-delay=\"0\" data-scroll=\"fadeUp\">Prosimy o&nbsp;zapoznanie&nbsp;si\u0119 z&nbsp;informacjami dotycz\u0105cymi parking&oacute;w w&nbsp;Strefie Kultury&nbsp;&ndash;<strong>&nbsp;<a href=\"https:\/\/nospr.org.pl\/pl\/aktualnosci\/wazne-informacje-o-parkingach\">wa\u017cne informacje o&nbsp;parkingach<\/a><\/strong><\/p>\n","protected":false},"excerpt":{"rendered":"<p>&bdquo;Przesilenie&rdquo; Kwiatu Jab\u0142oni odwiedzi najpi\u0119kniejsze sale koncertowe i filharmonie w ca\u0142ej Polsce! 15 minut &ndash; tyle wystarczy\u0142o, aby wyprzeda\u0142y si\u0119 rejestrowane na \u017cywo wyst\u0119py zespo\u0142u z orkiestr\u0105. Teraz Kwiat Jab\u0142oni og\u0142asza po\u017cegnaln\u0105 tras\u0119 koncertow\u0105 Przesilenie, na kt&oacute;rej zagra swoje utwory w aran\u017cacjach koncertowych przed zapowiadan\u0105 przerw\u0105. Wiosn\u0105 przysz\u0142ego roku odwiedz\u0105 najpi\u0119kniejsze sale koncertowe i filharmonie [&hellip;]<\/p>\n","protected":false},"featured_media":0,"template":"","meta":{"_acf_changed":false,"inline_featured_image":false},"product_brand":[],"product_cat":[2210],"product_tag":[],"class_list":{"0":"post-42288","1":"product","2":"type-product","3":"status-publish","5":"product_cat-cat_237","7":"first","8":"instock","9":"virtual","10":"purchasable","11":"product-type-simple"},"acf":[],"_links":{"self":[{"href":"https:\/\/nospr.org.pl\/sklep\/wp-json\/wp\/v2\/product\/42288","targetHints":{"allow":["GET"]}}],"collection":[{"href":"https:\/\/nospr.org.pl\/sklep\/wp-json\/wp\/v2\/product"}],"about":[{"href":"https:\/\/nospr.org.pl\/sklep\/wp-json\/wp\/v2\/types\/product"}],"wp:attachment":[{"href":"https:\/\/nospr.org.pl\/sklep\/wp-json\/wp\/v2\/media?parent=42288"}],"wp:term":[{"taxonomy":"product_brand","embeddable":true,"href":"https:\/\/nospr.org.pl\/sklep\/wp-json\/wp\/v2\/product_brand?post=42288"},{"taxonomy":"product_cat","embeddable":true,"href":"https:\/\/nospr.org.pl\/sklep\/wp-json\/wp\/v2\/product_cat?post=42288"},{"taxonomy":"product_tag","embeddable":true,"href":"https:\/\/nospr.org.pl\/sklep\/wp-json\/wp\/v2\/product_tag?post=42288"}],"curies":[{"name":"wp","href":"https:\/\/api.w.org\/{rel}","templated":true}]}}