{"id":37897,"date":"2025-08-20T09:26:09","date_gmt":"2025-08-20T07:26:09","guid":{"rendered":"https:\/\/nospr.org.pl\/sklep\/produkt\/camerata-silesia-baroque-sonus-gorczycki\/"},"modified":"2026-04-12T15:42:12","modified_gmt":"2026-04-12T13:42:12","slug":"camerata-silesia-baroque-sonus-gorczycki","status":"publish","type":"product","link":"https:\/\/nospr.org.pl\/sklep\/produkt\/camerata-silesia-baroque-sonus-gorczycki\/","title":{"rendered":"Camerata Silesia \/ Baroque Sonus \/ Szostak \/ Gorczycki \/ Najs\u0142ynniejszy kompozytor polskiego baroku"},"content":{"rendered":"<p>Gdy nast\u0119pnym razem zwiedza\u0107 b\u0119dziecie zabytki Krakowa, zach\u0119camy do odszukania w katedrze wawelskiej \u015bredniej wielko\u015bci tablicy z br\u0105zowego marmuru i bogatymi zdobieniami. Widnieje na niej \u0142aci\u0144ska inskrypcja: &bdquo;Pami\u0119ci najczcigodniejszego ksi\u0119dza Grzegorza Gorczyckiego, (&#8230;) kapelmistrza, przez wszystkich nazywanego Klejnotem Kap\u0142a\u0144stwa&rdquo;. To w\u0142a\u015bnie z katedr\u0105 na wzg&oacute;rzu wawelskim przez ponad p&oacute;\u0142 \u017cycia zwi\u0105zany by\u0142 najs\u0142ynniejszy kompozytor polskiego baroku. Pe\u0142ni\u0142 tam obowi\u0105zki kapelmistrza, ale r&oacute;wnie\u017c opiekowa\u0142 si\u0119 wi\u0119\u017aniami osadzonymi w basztach kr&oacute;lewskiego zamku.<\/p>\n<p>Muzyka, kt&oacute;r\u0105 tworzy\u0142, by\u0142a w zasadzie wy\u0142\u0105cznie religijna i podporz\u0105dkowana potrzebom liturgicznym. S\u0142ycha\u0107 w niej doskona\u0142e opanowanie zasad renesansowej polifonii, a tak\u017ce fascynacj\u0119 nowszym stylem koncertuj\u0105cym. W muzycznym opracowaniu <em>Completorium<\/em>, czyli modlitwy wieczornej, szczeg&oacute;lnie zwracaj\u0105 uwag\u0119 kontrasty barwowe, fakturalne i dynamiczne. Gorczycki eksponuje g\u0142osy solowe, \u0142\u0105cz\u0105c je ze sob\u0105 niemal we wszystkich mo\u017cliwych konfiguracjach. Program koncertu wzbogac\u0105 motety, w kt&oacute;rych nieco wyra\u017aniejsze s\u0105 wp\u0142ywy <em>stile antico<\/em>, czyli renesansowej polifonii. Jednak r&oacute;wnie\u017c i tu Gorczycki stosuje kunsztowne \u015brodki retoryczne w stylu najwi\u0119kszych arcydzie\u0142 w\u0142oskiego baroku. Muzyka Gorczyckiego od dawna zajmuje istotne miejsce w repertuarze Cameraty Silesii. Cho\u0107 niekt&oacute;rzy mog\u0105 kojarzy\u0107 katowicki zesp&oacute;\u0142 \u015bpiewak&oacute;w z muzyk\u0105 najnowsz\u0105 i projektami specjalnymi, to nale\u017cy przypomnie\u0107, \u017ce w\u0142a\u015bnie muzyka dawna stanowi muzyczne korzenie zespo\u0142u. A skoro mowa o korzeniach, warto r&oacute;wnie\u017c wspomnie\u0107 \u015bl\u0105skie pochodzenia Gorczyckiego, kt&oacute;ry przyszed\u0142 na \u015bwiat w Rozbarku, dzi\u015b dzielnicy Bytomia po\u0142o\u017conej zaledwie kilkana\u015bcie kilometr&oacute;w od NOSPR.<\/p>\n<p><strong>Szymon&nbsp;Maliszewski<\/strong><\/p>\n<p><strong>Czas trwania koncertu<\/strong>: ok. 60&nbsp;minut<\/p>\n<p>Ten koncert mo\u017ce by\u0107 cz\u0119\u015bci\u0105 &bdquo;Mojego karnetu&rdquo;. Sprawd\u017a szczeg&oacute;\u0142y i skomponuj &bdquo;M&oacute;j karnet&rdquo; dowolnie, wybieraj\u0105c spo\u015br&oacute;d koncert&oacute;w r&oacute;\u017cnych serii w sali kameralnej i koncertowej &ndash; <a href=\"https:\/\/nospr.org.pl\/pl\/bilety\/karnety\" rel=\"noreferrer noopener\" target=\"_blank\">wi\u0119cej informacji<\/a>.&nbsp;<\/p>\n<\/p>\n<p data-delay=\"0\" data-scroll=\"fadeUp\"><strong>Wszystko, co musisz wiedzie\u0107 przed wizyt\u0105 w&nbsp;NOSPR&nbsp;&ndash;&nbsp;<\/strong><strong><a data-saferedirecturl=\"https:\/\/www.google.com\/url?q=https:\/\/nospr.org.pl\/pl\/aktualnosci\/wszystko-co-musisz-wiedziec-przed-wizyta-w-nospr&amp;source=gmail&amp;ust=1723197131387000&amp;usg=AOvVaw0kMCs8oxFkm9XaUCfC6DH5\" href=\"https:\/\/nospr.org.pl\/pl\/aktualnosci\/wszystko-co-musisz-wiedziec-przed-wizyta-w-nospr\" id=\"m_1070481786903339264OWAe5e18766-eadf-e987-1d68-0e1e53dd4c36\" rel=\"noopener noreferrer\" target=\"_blank\">wskaz&oacute;wki dla uczestnik&oacute;w wydarze\u0144<\/a><\/strong><strong>.<\/strong><\/p>\n<p data-delay=\"0\" data-scroll=\"fadeUp\">Prosimy o&nbsp;zapoznanie&nbsp;si\u0119 z&nbsp;informacjami dotycz\u0105cymi parking&oacute;w w&nbsp;Strefie Kultury &ndash;<strong>&nbsp;<a data-saferedirecturl=\"https:\/\/www.google.com\/url?q=https:\/\/nospr.org.pl\/pl\/aktualnosci\/wazne-informacje-o-parkingach&amp;source=gmail&amp;ust=1723197131387000&amp;usg=AOvVaw1yPiY3uULhY_GTIGE_VJSo\" href=\"https:\/\/nospr.org.pl\/pl\/aktualnosci\/wazne-informacje-o-parkingach\" id=\"m_1070481786903339264OWA583604c9-0f4f-ad5b-11a4-dd99db6c3bd6\" rel=\"noopener noreferrer\" target=\"_blank\">wa\u017cne informacje o&nbsp;parkingach<\/a><\/strong><\/p>\n","protected":false},"excerpt":{"rendered":"<p>Gdy nast\u0119pnym razem zwiedza\u0107 b\u0119dziecie zabytki Krakowa, zach\u0119camy do odszukania w katedrze wawelskiej \u015bredniej wielko\u015bci tablicy z br\u0105zowego marmuru i bogatymi zdobieniami. Widnieje na niej \u0142aci\u0144ska inskrypcja: &bdquo;Pami\u0119ci najczcigodniejszego ksi\u0119dza Grzegorza Gorczyckiego, (&#8230;) kapelmistrza, przez wszystkich nazywanego Klejnotem Kap\u0142a\u0144stwa&rdquo;. To w\u0142a\u015bnie z katedr\u0105 na wzg&oacute;rzu wawelskim przez ponad p&oacute;\u0142 \u017cycia zwi\u0105zany by\u0142 najs\u0142ynniejszy kompozytor polskiego [&hellip;]<\/p>\n","protected":false},"featured_media":0,"template":"","meta":{"_acf_changed":false,"inline_featured_image":false},"product_brand":[],"product_cat":[2246,2212],"product_tag":[],"class_list":{"0":"post-37897","1":"product","2":"type-product","3":"status-publish","5":"product_cat-cat_256","6":"product_cat-cat_244","8":"first","9":"instock","10":"virtual","11":"purchasable","12":"product-type-simple"},"acf":[],"_links":{"self":[{"href":"https:\/\/nospr.org.pl\/sklep\/wp-json\/wp\/v2\/product\/37897","targetHints":{"allow":["GET"]}}],"collection":[{"href":"https:\/\/nospr.org.pl\/sklep\/wp-json\/wp\/v2\/product"}],"about":[{"href":"https:\/\/nospr.org.pl\/sklep\/wp-json\/wp\/v2\/types\/product"}],"wp:attachment":[{"href":"https:\/\/nospr.org.pl\/sklep\/wp-json\/wp\/v2\/media?parent=37897"}],"wp:term":[{"taxonomy":"product_brand","embeddable":true,"href":"https:\/\/nospr.org.pl\/sklep\/wp-json\/wp\/v2\/product_brand?post=37897"},{"taxonomy":"product_cat","embeddable":true,"href":"https:\/\/nospr.org.pl\/sklep\/wp-json\/wp\/v2\/product_cat?post=37897"},{"taxonomy":"product_tag","embeddable":true,"href":"https:\/\/nospr.org.pl\/sklep\/wp-json\/wp\/v2\/product_tag?post=37897"}],"curies":[{"name":"wp","href":"https:\/\/api.w.org\/{rel}","templated":true}]}}