{"id":37894,"date":"2025-08-20T09:22:15","date_gmt":"2025-08-20T07:22:15","guid":{"rendered":"https:\/\/nospr.org.pl\/sklep\/produkt\/kwartet-slaski-4\/"},"modified":"2026-04-15T12:28:39","modified_gmt":"2026-04-15T10:28:39","slug":"kwartet-slaski-4","status":"publish","type":"product","link":"https:\/\/nospr.org.pl\/sklep\/produkt\/kwartet-slaski-4\/","title":{"rendered":"Kwartet \u015al\u0105ski \/ Pi\u0105ty koncert z cyklu: Dziwaczne i osobliwe"},"content":{"rendered":"<p paraeid=\"{c0da44a7-5e2a-4237-b0e6-6a273a0e313a}{133}\" paraid=\"559387811\"><meta charset=\"UTF-8\" \/>To ju\u017c 12. sezon w NOSPR, podczas kt&oacute;rego Kwartet \u015al\u0105ski prezentuje autorski cykl koncert&oacute;w. Tym razem arty\u015bci zabior\u0105 nas w r&oacute;\u017cnorodn\u0105 i zaskakuj\u0105c\u0105 muzyczn\u0105 podr&oacute;\u017c pod has\u0142em Dziwaczne i osobliwe. To okazja do zaprezentowania rzadko wykonywanych, niezwykle innych i charakterystycznych utwor&oacute;w muzycznych. Ka\u017cdy z nich pozwoli zapozna\u0107 si\u0119 z now\u0105, cz\u0119sto burzliw\u0105 histori\u0105, nieoczywist\u0105 form\u0105 i brzmieniem. Przed nami cykl pi\u0119ciu spotka\u0144, kt&oacute;re wymykaj\u0105 si\u0119 schematom i odkrywaj\u0105 nieznane oblicza kwartetu smyczkowego, tak\u017ce z udzia\u0142em innych instrument&oacute;w.&nbsp;<\/p>\n<p paraeid=\"{c0da44a7-5e2a-4237-b0e6-6a273a0e313a}{133}\" paraid=\"559387811\"><meta charset=\"UTF-8\" \/><\/p>\n<p paraeid=\"{bb3f3ee7-6b80-4049-9aef-abc15f3fd6b2}{36}\" paraid=\"106463381\">Kwartet kwartetowi nier&oacute;wny &ndash; przekonamy si\u0119 o tym szczeg&oacute;lnie podczas ostatniego koncertu cyklu <em>Dziwaczne i osobliwe<\/em>. Pos\u0142uchamy wy\u0142\u0105cznie tw&oacute;rczo\u015bci polskich kompozytor&oacute;w wsp&oacute;\u0142czesnych, jednak ogrom kwartetu Aleksandra Lasonia zderzy si\u0119 tu z miniaturowymi formami utwor&oacute;w Mieczys\u0142awa Wajnberga, Paw\u0142a Szyma\u0144skiego i Zygmunta Krauzego.&nbsp;<\/p>\n<p paraeid=\"{bb3f3ee7-6b80-4049-9aef-abc15f3fd6b2}{54}\" paraid=\"206148102\"><em>V Kwartet<\/em> Aleksandra Lasonia to dzie\u0142o monumentalne &ndash; ma a\u017c siedem i p&oacute;\u0142 cz\u0119\u015bci (tytu\u0142 nie jest przypadkowy, o czym tak\u017ce za chwil\u0119) i trwa ponad 45 minut. Napisany zosta\u0142 na wyj\u0105tkowy jubileusz &ndash; 750-lecie Bytomia. O tym, jak bliska i wa\u017cna dla Lasonia jest ta kompozycja, mo\u017ce \u015bwiadczy\u0107 fakt, \u017ce zadedykowa\u0142 j\u0105 swoim przyjacio\u0142om zwi\u0105zanym z tym miastem. W utworze odnale\u017a\u0107 mo\u017cna cechy charakterystyczne dla stylu kompozytora, takie jak melizmatyczno\u015b\u0107 czy rytmiczna \u017cywio\u0142owo\u015b\u0107, a emocjonalna intensywno\u015b\u0107 \u0142\u0105czy si\u0119 tu z przemy\u015blanym podej\u015bciem do formy kwartetu.&nbsp;<\/p>\n<p paraeid=\"{bb3f3ee7-6b80-4049-9aef-abc15f3fd6b2}{94}\" paraid=\"1771335423\">Inne oblicze kwartetu smyczkowego jako formy poznamy za spraw\u0105 pozosta\u0142ych kompozycji, z kt&oacute;rych ka\u017cda trwa zaledwie kilka minut. Warto podkre\u015bli\u0107, \u017ce powstanie dw&oacute;ch z nich tak\u017ce wi\u0105\u017ce si\u0119 z jubileuszem. Pawe\u0142 Szyma\u0144ski i Zygmunt Krauze swoje utwory napisali bowiem w 1998 roku dla Kwartetu \u015al\u0105skiego &ndash; by\u0142y to prezenty na 20-lecie zespo\u0142u i wykonane zosta\u0142y na specjalnym koncercie w czasie Festiwalu Muzyki Kameralnej &bdquo;Kwartet \u015al\u0105ski i jego go\u015bcie&rdquo; w pa\u0142acu w Rybnej. Jak po latach muzycy zinterpretuj\u0105 te kompozycje? Jakie nowe emocje nada im aktualny kontekst? Przekonamy si\u0119 na wiosn\u0119 w NOSPR. Dope\u0142nieniem tego ostatniego w cyklu spotkania z muzyk\u0105 polsk\u0105 b\u0119d\u0105 <em>Dwa utwory<\/em> Wajnberga &ndash; dzie\u0142o, kt&oacute;re domyka antologi\u0119 17 kwartet&oacute;w tego kompozytora (drug\u0105 w historii fonografii) nagran\u0105 przez Kwartet \u015al\u0105ski.&nbsp;<\/p>\n<p paraeid=\"{bb3f3ee7-6b80-4049-9aef-abc15f3fd6b2}{94}\" paraid=\"1771335423\"><strong>Julia Broniowska&nbsp;\/ NOSPR<\/strong><\/p>\n<p paraeid=\"{bb3f3ee7-6b80-4049-9aef-abc15f3fd6b2}{94}\" paraid=\"1771335423\"><strong>Czas trwania koncertu (\u0142\u0105cznie z przerw\u0105)<\/strong>: ok. 100&nbsp;minut<\/p>\n<p paraeid=\"{c0da44a7-5e2a-4237-b0e6-6a273a0e313a}{133}\" paraid=\"559387811\">Ten koncert mo\u017ce by\u0107 cz\u0119\u015bci\u0105 &bdquo;Mojego karnetu&rdquo;. Sprawd\u017a szczeg&oacute;\u0142y i skomponuj &bdquo;M&oacute;j karnet&rdquo; dowolnie, wybieraj\u0105c spo\u015br&oacute;d koncert&oacute;w r&oacute;\u017cnych serii w sali kameralnej i koncertowej &ndash; <a href=\"https:\/\/nospr.org.pl\/pl\/bilety\/karnety\" rel=\"noreferrer noopener\" target=\"_blank\">wi\u0119cej informacji<\/a>.&nbsp;<\/p>\n<p><strong>Wszystko, co musisz wiedzie\u0107 przed wizyt\u0105 w NOSPR &ndash; <a href=\"https:\/\/nospr.org.pl\/pl\/aktualnosci\/wszystko-co-musisz-wiedziec-przed-wizyta-w-nospr\" rel=\"noreferrer noopener\" target=\"_blank\">wskaz&oacute;wki dla uczestnik&oacute;w wydarze\u0144<\/a>.&nbsp;<\/strong><span>&nbsp;<\/span><\/p>\n<p>Prosimy o&nbsp;zapoznanie&nbsp;si\u0119 z&nbsp;informacjami dotycz\u0105cymi parking&oacute;w w&nbsp;Strefie Kultury&nbsp;&ndash;&nbsp;<strong><a href=\"https:\/\/nospr.org.pl\/pl\/aktualnosci\/wazne-informacje-o-parkingach\" rel=\"noreferrer noopener\" target=\"_blank\">wa\u017cne informacje o&nbsp;parkingach<\/a>.<\/strong><\/p>\n","protected":false},"excerpt":{"rendered":"<p>To ju\u017c 12. sezon w NOSPR, podczas kt&oacute;rego Kwartet \u015al\u0105ski prezentuje autorski cykl koncert&oacute;w. Tym razem arty\u015bci zabior\u0105 nas w r&oacute;\u017cnorodn\u0105 i zaskakuj\u0105c\u0105 muzyczn\u0105 podr&oacute;\u017c pod has\u0142em Dziwaczne i osobliwe. To okazja do zaprezentowania rzadko wykonywanych, niezwykle innych i charakterystycznych utwor&oacute;w muzycznych. Ka\u017cdy z nich pozwoli zapozna\u0107 si\u0119 z now\u0105, cz\u0119sto burzliw\u0105 histori\u0105, nieoczywist\u0105 form\u0105 [&hellip;]<\/p>\n","protected":false},"featured_media":0,"template":"","meta":{"inline_featured_image":false},"product_brand":[],"product_cat":[2217,2246],"product_tag":[],"class_list":{"0":"post-37894","1":"product","2":"type-product","3":"status-publish","5":"product_cat-cat_241","6":"product_cat-cat_256","8":"first","9":"instock","10":"virtual","11":"purchasable","12":"product-type-simple"},"_links":{"self":[{"href":"https:\/\/nospr.org.pl\/sklep\/wp-json\/wp\/v2\/product\/37894","targetHints":{"allow":["GET"]}}],"collection":[{"href":"https:\/\/nospr.org.pl\/sklep\/wp-json\/wp\/v2\/product"}],"about":[{"href":"https:\/\/nospr.org.pl\/sklep\/wp-json\/wp\/v2\/types\/product"}],"wp:attachment":[{"href":"https:\/\/nospr.org.pl\/sklep\/wp-json\/wp\/v2\/media?parent=37894"}],"wp:term":[{"taxonomy":"product_brand","embeddable":true,"href":"https:\/\/nospr.org.pl\/sklep\/wp-json\/wp\/v2\/product_brand?post=37894"},{"taxonomy":"product_cat","embeddable":true,"href":"https:\/\/nospr.org.pl\/sklep\/wp-json\/wp\/v2\/product_cat?post=37894"},{"taxonomy":"product_tag","embeddable":true,"href":"https:\/\/nospr.org.pl\/sklep\/wp-json\/wp\/v2\/product_tag?post=37894"}],"curies":[{"name":"wp","href":"https:\/\/api.w.org\/{rel}","templated":true}]}}

Kwartet Śląski / Piąty koncert z cyklu: Dziwaczne i osobliwe

<p paraeid="{c0da44a7-5e2a-4237-b0e6-6a273a0e313a}{133}" paraid="559387811"><meta charset="UTF-8" />To już 12. sezon w NOSPR, podczas kt&oacute;rego Kwartet Śląski prezentuje autorski cykl koncert&oacute;w. Tym razem artyści zabiorą nas w r&oacute;żnorodną i zaskakującą muzyczną podr&oacute;ż pod hasłem Dziwaczne i osobliwe. To okazja do zaprezentowania rzadko wykonywanych, niezwykle innych i charakterystycznych utwor&oacute;w muzycznych. Każdy z nich pozwoli zapoznać się z nową, często burzliwą historią, nieoczywistą formą i brzmieniem. Przed nami cykl pięciu spotkań, kt&oacute;re wymykają się schematom i odkrywają nieznane oblicza kwartetu smyczkowego, także z udziałem innych instrument&oacute;w.&nbsp;</p>
<p paraeid="{c0da44a7-5e2a-4237-b0e6-6a273a0e313a}{133}" paraid="559387811"><meta charset="UTF-8" /></p>
<p paraeid="{bb3f3ee7-6b80-4049-9aef-abc15f3fd6b2}{36}" paraid="106463381">Kwartet kwartetowi nier&oacute;wny &ndash; przekonamy się o tym szczeg&oacute;lnie podczas ostatniego koncertu cyklu <em>Dziwaczne i osobliwe</em>. Posłuchamy wyłącznie tw&oacute;rczości polskich kompozytor&oacute;w wsp&oacute;łczesnych, jednak ogrom kwartetu Aleksandra Lasonia zderzy się tu z miniaturowymi formami utwor&oacute;w Mieczysława Wajnberga, Pawła Szymańskiego i Zygmunta Krauzego.&nbsp;</p>
<p paraeid="{bb3f3ee7-6b80-4049-9aef-abc15f3fd6b2}{54}" paraid="206148102"><em>V Kwartet</em> Aleksandra Lasonia to dzieło monumentalne &ndash; ma aż siedem i p&oacute;ł części (tytuł nie jest przypadkowy, o czym także za chwilę) i trwa ponad 45 minut. Napisany został na wyjątkowy jubileusz &ndash; 750-lecie Bytomia. O tym, jak bliska i ważna dla Lasonia jest ta kompozycja, może świadczyć fakt, że zadedykował ją swoim przyjaciołom związanym z tym miastem. W utworze odnaleźć można cechy charakterystyczne dla stylu kompozytora, takie jak melizmatyczność czy rytmiczna żywiołowość, a emocjonalna intensywność łączy się tu z przemyślanym podejściem do formy kwartetu.&nbsp;</p>
<p paraeid="{bb3f3ee7-6b80-4049-9aef-abc15f3fd6b2}{94}" paraid="1771335423">Inne oblicze kwartetu smyczkowego jako formy poznamy za sprawą pozostałych kompozycji, z kt&oacute;rych każda trwa zaledwie kilka minut. Warto podkreślić, że powstanie dw&oacute;ch z nich także wiąże się z jubileuszem. Paweł Szymański i Zygmunt Krauze swoje utwory napisali bowiem w 1998 roku dla Kwartetu Śląskiego &ndash; były to prezenty na 20-lecie zespołu i wykonane zostały na specjalnym koncercie w czasie Festiwalu Muzyki Kameralnej &bdquo;Kwartet Śląski i jego goście&rdquo; w pałacu w Rybnej. Jak po latach muzycy zinterpretują te kompozycje? Jakie nowe emocje nada im aktualny kontekst? Przekonamy się na wiosnę w NOSPR. Dopełnieniem tego ostatniego w cyklu spotkania z muzyką polską będą <em>Dwa utwory</em> Wajnberga &ndash; dzieło, kt&oacute;re domyka antologię 17 kwartet&oacute;w tego kompozytora (drugą w historii fonografii) nagraną przez Kwartet Śląski.&nbsp;</p>
<p paraeid="{bb3f3ee7-6b80-4049-9aef-abc15f3fd6b2}{94}" paraid="1771335423"><strong>Julia Broniowska&nbsp;/ NOSPR</strong></p>
<p paraeid="{bb3f3ee7-6b80-4049-9aef-abc15f3fd6b2}{94}" paraid="1771335423"><strong>Czas trwania koncertu (łącznie z przerwą)</strong>: ok. 100&nbsp;minut</p>
<p paraeid="{c0da44a7-5e2a-4237-b0e6-6a273a0e313a}{133}" paraid="559387811">Ten koncert może być częścią &bdquo;Mojego karnetu&rdquo;. Sprawdź szczeg&oacute;ły i skomponuj &bdquo;M&oacute;j karnet&rdquo; dowolnie, wybierając spośr&oacute;d koncert&oacute;w r&oacute;żnych serii w sali kameralnej i koncertowej &ndash; <a href="https://nospr.org.pl/pl/bilety/karnety" rel="noreferrer noopener" target="_blank">więcej informacji</a>.&nbsp;</p>
<p><strong>Wszystko, co musisz wiedzieć przed wizytą w NOSPR &ndash; <a href="https://nospr.org.pl/pl/aktualnosci/wszystko-co-musisz-wiedziec-przed-wizyta-w-nospr" rel="noreferrer noopener" target="_blank">wskaz&oacute;wki dla uczestnik&oacute;w wydarzeń</a>.&nbsp;</strong><span>&nbsp;</span></p>
<p>Prosimy o&nbsp;zapoznanie&nbsp;się z&nbsp;informacjami dotyczącymi parking&oacute;w w&nbsp;Strefie Kultury&nbsp;&ndash;&nbsp;<strong><a href="https://nospr.org.pl/pl/aktualnosci/wazne-informacje-o-parkingach" rel="noreferrer noopener" target="_blank">ważne informacje o&nbsp;parkingach</a>.</strong></p>

<p>To już 12. sezon w NOSPR, podczas kt&oacute;rego Kwartet Śląski prezentuje autorski cykl koncert&oacute;w. Tym razem artyści zabiorą nas w r&oacute;żnorodną i zaskakującą muzyczną podr&oacute;ż pod hasłem Dziwaczne i osobliwe. To okazja do zaprezentowania rzadko wykonywanych, niezwykle innych i charakterystycznych utwor&oacute;w muzycznych. Każdy z nich pozwoli zapoznać się z nową, często burzliwą historią, nieoczywistą formą [&hellip;]</p>
