{"id":37815,"date":"2025-08-19T16:40:07","date_gmt":"2025-08-19T14:40:07","guid":{"rendered":"https:\/\/nospr.org.pl\/sklep\/produkt\/jazzklub-voice-of-colours\/"},"modified":"2026-03-17T19:28:04","modified_gmt":"2026-03-17T18:28:04","slug":"jazzklub-voice-of-colours","status":"publish","type":"product","link":"https:\/\/nospr.org.pl\/sklep\/produkt\/jazzklub-voice-of-colours\/","title":{"rendered":"JazzKLUB \/ Voices Of Colours \/ R\u00f3\u017cne odcienie wolno\u015bci"},"content":{"rendered":"<p class=\"MsoBodyText\"><span><span>Mi\u0119dzynarodowy projekt i znajomo\u015b\u0107, kt&oacute;ra w przypadku perkusisty, tr\u0119bacza i basisty si\u0119ga czas&oacute;w studi&oacute;w w Berklee College of Music w presti\u017cowym bosto\u0144skim Monk Institute. Inicjatorem powstania Voices of Colours by\u0142 rozchwytywany w Europie S\u0142owak Martin Valihora, a pretekstem sta\u0142a si\u0119 prezydencja S\u0142owacji w Grupie Wyszehradzkiej. Muzyczna inicjatywa okaza\u0142a si\u0119 na tyle owocna i inspiruj\u0105ca, \u017ce arty\u015bci postanowili kontynuowa\u0107 wsp&oacute;\u0142prac\u0119, graj\u0105c na wielu mi\u0119dzynarodowych festiwalach i wa\u017cniejszych scenach, z Carnegie Hall na czele. Cztery osobowo\u015bci, cztery barwne i wybitne g\u0142osy oraz ich autorskie kompozycje. Obok lidera &ndash; jedna z wa\u017cniejszych postaci w\u0119gierskiej sceny, tr\u0119bacz Korn&eacute;l Fekete-Kov&aacute;cs, uznany polski pianista Piotr Wyle\u017co\u0142 i w\u0142oski wirtuoz basu Daniele Camarda. Nazwa zespo\u0142u zdecydowanie nie jest przypadkowa. <\/span><\/span><\/p>\n<p class=\"MsoBodyText\"><strong>Mery Zimny<\/strong><\/p>\n<p class=\"MsoBodyText\"><strong>Czas trwania koncertu<\/strong>: ok. 90 minut<\/p>\n<p><a href=\"https:\/\/nospr.org.pl\/pl\/program\/jazzklub-2025-2026\">Sprawd\u017a najbli\u017csze koncerty w tym cyklu<\/a><\/p>\n<p>Ten koncert mo\u017ce by\u0107 cz\u0119\u015bci\u0105 &bdquo;Mojego karnetu&rdquo;. Sprawd\u017a szczeg&oacute;\u0142y i skomponuj &bdquo;M&oacute;j karnet&rdquo; dowolnie, wybieraj\u0105c spo\u015br&oacute;d koncert&oacute;w r&oacute;\u017cnych serii w sali kameralnej i koncertowej &ndash; <a href=\"https:\/\/nospr.org.pl\/pl\/bilety\/karnety\" rel=\"noreferrer noopener\" target=\"_blank\">wi\u0119cej informacji<\/a>.&nbsp;<\/p>\n<p><strong>Wszystko, co musisz wiedzie\u0107 przed wizyt\u0105 w NOSPR &ndash; <a href=\"https:\/\/nospr.org.pl\/pl\/aktualnosci\/wszystko-co-musisz-wiedziec-przed-wizyta-w-nospr\" rel=\"noreferrer noopener\" target=\"_blank\">wskaz&oacute;wki dla uczestnik&oacute;w wydarze\u0144<\/a>.&nbsp;<\/strong><\/p>\n<p>Prosimy o zapoznanie si\u0119 z informacjami dotycz\u0105cymi parking&oacute;w w Strefie Kultury &ndash; <strong><a href=\"https:\/\/nospr.org.pl\/pl\/aktualnosci\/wazne-informacje-o-parkingach\" rel=\"noreferrer noopener\" target=\"_blank\">wa\u017cne informacje o parkingach<\/a><\/strong>&nbsp;<\/p>\n","protected":false},"excerpt":{"rendered":"<p>Mi\u0119dzynarodowy projekt i znajomo\u015b\u0107, kt&oacute;ra w przypadku perkusisty, tr\u0119bacza i basisty si\u0119ga czas&oacute;w studi&oacute;w w Berklee College of Music w presti\u017cowym bosto\u0144skim Monk Institute. Inicjatorem powstania Voices of Colours by\u0142 rozchwytywany w Europie S\u0142owak Martin Valihora, a pretekstem sta\u0142a si\u0119 prezydencja S\u0142owacji w Grupie Wyszehradzkiej. Muzyczna inicjatywa okaza\u0142a si\u0119 na tyle owocna i inspiruj\u0105ca, \u017ce [&hellip;]<\/p>\n","protected":false},"featured_media":0,"template":"","meta":{"inline_featured_image":false},"product_brand":[],"product_cat":[2218,2246],"product_tag":[],"class_list":{"0":"post-37815","1":"product","2":"type-product","3":"status-publish","5":"product_cat-cat_242","6":"product_cat-cat_256","8":"first","9":"instock","10":"virtual","11":"purchasable","12":"product-type-simple"},"_links":{"self":[{"href":"https:\/\/nospr.org.pl\/sklep\/wp-json\/wp\/v2\/product\/37815","targetHints":{"allow":["GET"]}}],"collection":[{"href":"https:\/\/nospr.org.pl\/sklep\/wp-json\/wp\/v2\/product"}],"about":[{"href":"https:\/\/nospr.org.pl\/sklep\/wp-json\/wp\/v2\/types\/product"}],"wp:attachment":[{"href":"https:\/\/nospr.org.pl\/sklep\/wp-json\/wp\/v2\/media?parent=37815"}],"wp:term":[{"taxonomy":"product_brand","embeddable":true,"href":"https:\/\/nospr.org.pl\/sklep\/wp-json\/wp\/v2\/product_brand?post=37815"},{"taxonomy":"product_cat","embeddable":true,"href":"https:\/\/nospr.org.pl\/sklep\/wp-json\/wp\/v2\/product_cat?post=37815"},{"taxonomy":"product_tag","embeddable":true,"href":"https:\/\/nospr.org.pl\/sklep\/wp-json\/wp\/v2\/product_tag?post=37815"}],"curies":[{"name":"wp","href":"https:\/\/api.w.org\/{rel}","templated":true}]}}