{"id":37796,"date":"2025-08-19T16:14:09","date_gmt":"2025-08-19T14:14:09","guid":{"rendered":"https:\/\/nospr.org.pl\/sklep\/produkt\/jazzklub-the-elephant\/"},"modified":"2026-02-03T19:28:04","modified_gmt":"2026-02-03T18:28:04","slug":"jazzklub-the-elephant","status":"publish","type":"product","link":"https:\/\/nospr.org.pl\/sklep\/produkt\/jazzklub-the-elephant\/","title":{"rendered":"JazzKLUB \/ The Elephant \/ S\u0142o\u0144 w pokoju"},"content":{"rendered":"<p>Nazwa w\u0142oskiego tria wraz z tytu\u0142em ich debiutanckiego albumu sk\u0142adaj\u0105 si\u0119 na angielski zwi\u0105zek frazeologiczny &bdquo;elephant in the room&rdquo;. D\u017awi\u0119ki proponowane przez otrzaskanych z wszystkimi mo\u017cliwymi odmianami muzyki improwizowanej artyst&oacute;w s\u0105 jednak zaprzeczeniem jego znaczenia. Cho\u0107 bliska jest im awangarda, nie udaj\u0105, \u017ce nie istniej\u0105 rock, world music i pi\u0119kna melodia. Samo intryguj\u0105ce brzmienie grupy &ndash; definiowane przez rzadkie po\u0142\u0105czenie wibrafonu, tr\u0105bki i perkusji &ndash; zapowiada muzyk\u0119, w kt&oacute;rej nic nie jest oczywiste. Obficie dozowana elektronika pog\u0142\u0119bia wra\u017cenia obcowania z enigmatyczn\u0105, lecz wci\u0105gaj\u0105c\u0105 tajemnic\u0105.&nbsp;<\/p>\n<p><strong>Tomasz Gregorczyk<\/strong><\/p>\n<p><strong>Czas trwania koncertu<\/strong>: ok. 90 minut<\/p>\n<p><a href=\"https:\/\/nospr.org.pl\/pl\/program\/jazzklub-2025-2026\">Sprawd\u017a najbli\u017csze koncerty w tym cyklu<\/a><\/p>\n<p><img decoding=\"async\" src=\"\/serdelia\/public\/ckeditor\/plugins\/uho_video\/icons\/uho_video.png\" \/><\/p>\n<p><img decoding=\"async\" src=\"\/serdelia\/public\/ckeditor\/plugins\/uho_video\/icons\/uho_video.png\" \/><\/p>\n<p>Ten koncert mo\u017ce by\u0107 cz\u0119\u015bci\u0105 &bdquo;Mojego karnetu&rdquo;. Sprawd\u017a szczeg&oacute;\u0142y i skomponuj &bdquo;M&oacute;j karnet&rdquo; dowolnie, wybieraj\u0105c spo\u015br&oacute;d koncert&oacute;w r&oacute;\u017cnych serii w sali kameralnej i koncertowej &ndash; <a href=\"https:\/\/nospr.org.pl\/pl\/bilety\/karnety\" rel=\"noreferrer noopener\" target=\"_blank\">wi\u0119cej informacji<\/a>.&nbsp;<\/p>\n<p><strong>Wszystko, co musisz wiedzie\u0107 przed wizyt\u0105 w NOSPR &ndash; <a href=\"https:\/\/nospr.org.pl\/pl\/aktualnosci\/wszystko-co-musisz-wiedziec-przed-wizyta-w-nospr\" rel=\"noreferrer noopener\" target=\"_blank\">wskaz&oacute;wki dla uczestnik&oacute;w wydarze\u0144<\/a>.&nbsp;<\/strong><\/p>\n<p>Prosimy o zapoznanie si\u0119 z informacjami dotycz\u0105cymi parking&oacute;w w Strefie Kultury &ndash;<strong> <a href=\"https:\/\/nospr.org.pl\/pl\/aktualnosci\/wazne-informacje-o-parkingach\" rel=\"noreferrer noopener\" target=\"_blank\">wa\u017cne informacje o parkingach<\/a>&nbsp;<\/strong><\/p>\n","protected":false},"excerpt":{"rendered":"<p>Nazwa w\u0142oskiego tria wraz z tytu\u0142em ich debiutanckiego albumu sk\u0142adaj\u0105 si\u0119 na angielski zwi\u0105zek frazeologiczny &bdquo;elephant in the room&rdquo;. D\u017awi\u0119ki proponowane przez otrzaskanych z wszystkimi mo\u017cliwymi odmianami muzyki improwizowanej artyst&oacute;w s\u0105 jednak zaprzeczeniem jego znaczenia. Cho\u0107 bliska jest im awangarda, nie udaj\u0105, \u017ce nie istniej\u0105 rock, world music i pi\u0119kna melodia. Samo intryguj\u0105ce brzmienie grupy [&hellip;]<\/p>\n","protected":false},"featured_media":0,"template":"","meta":{"_acf_changed":false,"inline_featured_image":false},"product_brand":[],"product_cat":[2218,2246],"product_tag":[],"class_list":{"0":"post-37796","1":"product","2":"type-product","3":"status-publish","5":"product_cat-cat_242","6":"product_cat-cat_256","8":"first","9":"instock","10":"virtual","11":"purchasable","12":"product-type-simple"},"acf":[],"_links":{"self":[{"href":"https:\/\/nospr.org.pl\/sklep\/wp-json\/wp\/v2\/product\/37796","targetHints":{"allow":["GET"]}}],"collection":[{"href":"https:\/\/nospr.org.pl\/sklep\/wp-json\/wp\/v2\/product"}],"about":[{"href":"https:\/\/nospr.org.pl\/sklep\/wp-json\/wp\/v2\/types\/product"}],"wp:attachment":[{"href":"https:\/\/nospr.org.pl\/sklep\/wp-json\/wp\/v2\/media?parent=37796"}],"wp:term":[{"taxonomy":"product_brand","embeddable":true,"href":"https:\/\/nospr.org.pl\/sklep\/wp-json\/wp\/v2\/product_brand?post=37796"},{"taxonomy":"product_cat","embeddable":true,"href":"https:\/\/nospr.org.pl\/sklep\/wp-json\/wp\/v2\/product_cat?post=37796"},{"taxonomy":"product_tag","embeddable":true,"href":"https:\/\/nospr.org.pl\/sklep\/wp-json\/wp\/v2\/product_tag?post=37796"}],"curies":[{"name":"wp","href":"https:\/\/api.w.org\/{rel}","templated":true}]}}